{"id":507,"date":"2025-12-26T11:01:51","date_gmt":"2025-12-26T11:01:51","guid":{"rendered":"https:\/\/pgd.brezje.si\/pgd\/?page_id=507"},"modified":"2025-12-26T11:01:52","modified_gmt":"2025-12-26T11:01:52","slug":"meddrustvena-vaja-dobro-polje","status":"publish","type":"page","link":"https:\/\/pgd.brezje.si\/pgd\/meddrustvena-vaja-dobro-polje\/","title":{"rendered":"Meddru\u0161tvena vaja &#8211; Dobro Polje"},"content":{"rendered":"\n<div style=\"height:var(--wp--preset--spacing--50)\" aria-hidden=\"true\" class=\"wp-block-spacer\"><\/div>\n\n\n\n<div class=\"wp-block-group alignwide has-global-padding is-layout-constrained wp-block-group-is-layout-constrained\">\n<h1 class=\"wp-block-heading alignwide has-xx-large-font-size\" style=\"line-height:1.2\">PGD Brezje na Gorenjskem smo izvedli meddru\u0161tveno vajo<\/h1>\n\n\n\n<p>PGD Brezje na Gorenjskem smo izvedli meddru\u0161tveno vajo, na kateri so sodelovala prostovoljna gasilska dru\u0161tva Ljubno, Mo\u0161nje in Radovljica. Scenarij vaje je predvideval po\u017ear v gospodarskem objektu na Dobrem Polju, kjer naj bi bila v notranjosti ujeta ena oseba.<\/p>\n\n\n\n<p>Po prihodu na kraj so enote vzpostavile napadno linijo, pogasile po\u017ear in opravile temeljit pregled prostorov. Ponesre\u010denca smo varno iznesli iz zadimljenega objekta ter ga predali v nadaljnjo oskrbo.<\/p>\n\n\n\n<p>Hkrati je bila vzpostavljena dobava vode, ko smo gasili objekt\ud83d\udd25 Objekt smo nato tudi prezra\u010dil\ud83e\uddef\ud83d\udca8<\/p>\n\n\n\n<p>Vaja je potekala uspe\u0161no, strokovno in usklajeno, kar ponovno potrjuje pomembnost dobrega sodelovanja med dru\u0161tvi. Zahvaljujemo se vsem sodelujo\u010dim za odzivnost, zagnanost in pripravljenost na skupno usposabljanje.<\/p>\n<\/div>\n\n\n\n<figure class=\"wp-block-gallery has-nested-images columns-default is-cropped wp-block-gallery-1 is-layout-flex wp-block-gallery-is-layout-flex\">\n<figure class=\"wp-block-image size-large\"><img loading=\"lazy\" decoding=\"async\" width=\"1024\" height=\"768\" data-id=\"519\" src=\"https:\/\/pgd.brezje.si\/pgd\/wp-content\/uploads\/2025\/12\/DJI_20251118154948_0081_D-2-1024x768.jpg\" alt=\"\" class=\"wp-image-519\" srcset=\"https:\/\/pgd.brezje.si\/pgd\/wp-content\/uploads\/2025\/12\/DJI_20251118154948_0081_D-2-1024x768.jpg 1024w, https:\/\/pgd.brezje.si\/pgd\/wp-content\/uploads\/2025\/12\/DJI_20251118154948_0081_D-2-300x225.jpg 300w, https:\/\/pgd.brezje.si\/pgd\/wp-content\/uploads\/2025\/12\/DJI_20251118154948_0081_D-2-768x576.jpg 768w, https:\/\/pgd.brezje.si\/pgd\/wp-content\/uploads\/2025\/12\/DJI_20251118154948_0081_D-2-1536x1152.jpg 1536w, https:\/\/pgd.brezje.si\/pgd\/wp-content\/uploads\/2025\/12\/DJI_20251118154948_0081_D-2-2048x1536.jpg 2048w\" sizes=\"auto, (max-width: 1024px) 100vw, 1024px\" \/><figcaption class=\"wp-element-caption\">default<\/figcaption><\/figure>\n\n\n\n<figure class=\"wp-block-image size-large\"><img loading=\"lazy\" decoding=\"async\" width=\"768\" height=\"1024\" data-id=\"520\" src=\"https:\/\/pgd.brezje.si\/pgd\/wp-content\/uploads\/2025\/12\/DJI_20251118155345_0087_D-768x1024.jpg\" alt=\"\" class=\"wp-image-520\" srcset=\"https:\/\/pgd.brezje.si\/pgd\/wp-content\/uploads\/2025\/12\/DJI_20251118155345_0087_D-768x1024.jpg 768w, https:\/\/pgd.brezje.si\/pgd\/wp-content\/uploads\/2025\/12\/DJI_20251118155345_0087_D-225x300.jpg 225w, https:\/\/pgd.brezje.si\/pgd\/wp-content\/uploads\/2025\/12\/DJI_20251118155345_0087_D-1152x1536.jpg 1152w, https:\/\/pgd.brezje.si\/pgd\/wp-content\/uploads\/2025\/12\/DJI_20251118155345_0087_D-1536x2048.jpg 1536w, https:\/\/pgd.brezje.si\/pgd\/wp-content\/uploads\/2025\/12\/DJI_20251118155345_0087_D-scaled.jpg 1920w\" sizes=\"auto, (max-width: 768px) 100vw, 768px\" \/><figcaption class=\"wp-element-caption\">default<\/figcaption><\/figure>\n\n\n\n<figure class=\"wp-block-image size-large\"><img loading=\"lazy\" decoding=\"async\" width=\"1024\" height=\"768\" data-id=\"514\" src=\"https:\/\/pgd.brezje.si\/pgd\/wp-content\/uploads\/2025\/12\/DJI_20251118155709_0095_D-1024x768.jpg\" alt=\"\" class=\"wp-image-514\" srcset=\"https:\/\/pgd.brezje.si\/pgd\/wp-content\/uploads\/2025\/12\/DJI_20251118155709_0095_D-1024x768.jpg 1024w, https:\/\/pgd.brezje.si\/pgd\/wp-content\/uploads\/2025\/12\/DJI_20251118155709_0095_D-300x225.jpg 300w, https:\/\/pgd.brezje.si\/pgd\/wp-content\/uploads\/2025\/12\/DJI_20251118155709_0095_D-768x576.jpg 768w, https:\/\/pgd.brezje.si\/pgd\/wp-content\/uploads\/2025\/12\/DJI_20251118155709_0095_D-1536x1152.jpg 1536w, https:\/\/pgd.brezje.si\/pgd\/wp-content\/uploads\/2025\/12\/DJI_20251118155709_0095_D-2048x1536.jpg 2048w\" sizes=\"auto, (max-width: 1024px) 100vw, 1024px\" \/><figcaption class=\"wp-element-caption\">default<\/figcaption><\/figure>\n\n\n\n<figure class=\"wp-block-image size-large\"><img loading=\"lazy\" decoding=\"async\" width=\"1024\" height=\"683\" data-id=\"509\" src=\"https:\/\/pgd.brezje.si\/pgd\/wp-content\/uploads\/2025\/12\/R5JR2908-1024x683.jpg\" alt=\"\" class=\"wp-image-509\" srcset=\"https:\/\/pgd.brezje.si\/pgd\/wp-content\/uploads\/2025\/12\/R5JR2908-1024x683.jpg 1024w, https:\/\/pgd.brezje.si\/pgd\/wp-content\/uploads\/2025\/12\/R5JR2908-300x200.jpg 300w, https:\/\/pgd.brezje.si\/pgd\/wp-content\/uploads\/2025\/12\/R5JR2908-768x512.jpg 768w, https:\/\/pgd.brezje.si\/pgd\/wp-content\/uploads\/2025\/12\/R5JR2908-1536x1025.jpg 1536w, https:\/\/pgd.brezje.si\/pgd\/wp-content\/uploads\/2025\/12\/R5JR2908-2048x1366.jpg 2048w\" sizes=\"auto, (max-width: 1024px) 100vw, 1024px\" \/><\/figure>\n\n\n\n<figure class=\"wp-block-image size-large\"><img loading=\"lazy\" decoding=\"async\" width=\"1024\" height=\"683\" data-id=\"513\" src=\"https:\/\/pgd.brezje.si\/pgd\/wp-content\/uploads\/2025\/12\/R5JR3086-1024x683.jpg\" alt=\"\" class=\"wp-image-513\" srcset=\"https:\/\/pgd.brezje.si\/pgd\/wp-content\/uploads\/2025\/12\/R5JR3086-1024x683.jpg 1024w, https:\/\/pgd.brezje.si\/pgd\/wp-content\/uploads\/2025\/12\/R5JR3086-300x200.jpg 300w, https:\/\/pgd.brezje.si\/pgd\/wp-content\/uploads\/2025\/12\/R5JR3086-768x512.jpg 768w, https:\/\/pgd.brezje.si\/pgd\/wp-content\/uploads\/2025\/12\/R5JR3086-1536x1025.jpg 1536w, https:\/\/pgd.brezje.si\/pgd\/wp-content\/uploads\/2025\/12\/R5JR3086-2048x1366.jpg 2048w\" sizes=\"auto, (max-width: 1024px) 100vw, 1024px\" \/><\/figure>\n\n\n\n<figure class=\"wp-block-image size-large\"><img loading=\"lazy\" decoding=\"async\" width=\"1024\" height=\"683\" data-id=\"516\" src=\"https:\/\/pgd.brezje.si\/pgd\/wp-content\/uploads\/2025\/12\/R5JR3241-1024x683.jpg\" alt=\"\" class=\"wp-image-516\" srcset=\"https:\/\/pgd.brezje.si\/pgd\/wp-content\/uploads\/2025\/12\/R5JR3241-1024x683.jpg 1024w, https:\/\/pgd.brezje.si\/pgd\/wp-content\/uploads\/2025\/12\/R5JR3241-300x200.jpg 300w, https:\/\/pgd.brezje.si\/pgd\/wp-content\/uploads\/2025\/12\/R5JR3241-768x512.jpg 768w, https:\/\/pgd.brezje.si\/pgd\/wp-content\/uploads\/2025\/12\/R5JR3241-1536x1025.jpg 1536w, https:\/\/pgd.brezje.si\/pgd\/wp-content\/uploads\/2025\/12\/R5JR3241-2048x1366.jpg 2048w\" sizes=\"auto, (max-width: 1024px) 100vw, 1024px\" \/><\/figure>\n\n\n\n<figure class=\"wp-block-image size-large\"><img loading=\"lazy\" decoding=\"async\" width=\"1024\" height=\"683\" data-id=\"517\" src=\"https:\/\/pgd.brezje.si\/pgd\/wp-content\/uploads\/2025\/12\/R5JR3516-1024x683.jpg\" alt=\"\" class=\"wp-image-517\" srcset=\"https:\/\/pgd.brezje.si\/pgd\/wp-content\/uploads\/2025\/12\/R5JR3516-1024x683.jpg 1024w, https:\/\/pgd.brezje.si\/pgd\/wp-content\/uploads\/2025\/12\/R5JR3516-300x200.jpg 300w, https:\/\/pgd.brezje.si\/pgd\/wp-content\/uploads\/2025\/12\/R5JR3516-768x512.jpg 768w, https:\/\/pgd.brezje.si\/pgd\/wp-content\/uploads\/2025\/12\/R5JR3516-1536x1025.jpg 1536w, https:\/\/pgd.brezje.si\/pgd\/wp-content\/uploads\/2025\/12\/R5JR3516-2048x1366.jpg 2048w\" sizes=\"auto, (max-width: 1024px) 100vw, 1024px\" \/><\/figure>\n\n\n\n<figure class=\"wp-block-image size-large\"><img loading=\"lazy\" decoding=\"async\" width=\"1024\" height=\"683\" data-id=\"512\" src=\"https:\/\/pgd.brezje.si\/pgd\/wp-content\/uploads\/2025\/12\/R5JR3644-1024x683.jpg\" alt=\"\" class=\"wp-image-512\" srcset=\"https:\/\/pgd.brezje.si\/pgd\/wp-content\/uploads\/2025\/12\/R5JR3644-1024x683.jpg 1024w, https:\/\/pgd.brezje.si\/pgd\/wp-content\/uploads\/2025\/12\/R5JR3644-300x200.jpg 300w, https:\/\/pgd.brezje.si\/pgd\/wp-content\/uploads\/2025\/12\/R5JR3644-768x512.jpg 768w, https:\/\/pgd.brezje.si\/pgd\/wp-content\/uploads\/2025\/12\/R5JR3644-1536x1025.jpg 1536w, https:\/\/pgd.brezje.si\/pgd\/wp-content\/uploads\/2025\/12\/R5JR3644-2048x1366.jpg 2048w\" sizes=\"auto, (max-width: 1024px) 100vw, 1024px\" \/><\/figure>\n\n\n\n<figure class=\"wp-block-image size-large\"><img loading=\"lazy\" decoding=\"async\" width=\"1024\" height=\"683\" data-id=\"511\" src=\"https:\/\/pgd.brezje.si\/pgd\/wp-content\/uploads\/2025\/12\/R5JR3773-1024x683.jpg\" alt=\"\" class=\"wp-image-511\" srcset=\"https:\/\/pgd.brezje.si\/pgd\/wp-content\/uploads\/2025\/12\/R5JR3773-1024x683.jpg 1024w, https:\/\/pgd.brezje.si\/pgd\/wp-content\/uploads\/2025\/12\/R5JR3773-300x200.jpg 300w, https:\/\/pgd.brezje.si\/pgd\/wp-content\/uploads\/2025\/12\/R5JR3773-768x512.jpg 768w, https:\/\/pgd.brezje.si\/pgd\/wp-content\/uploads\/2025\/12\/R5JR3773-1536x1025.jpg 1536w, https:\/\/pgd.brezje.si\/pgd\/wp-content\/uploads\/2025\/12\/R5JR3773-2048x1366.jpg 2048w\" sizes=\"auto, (max-width: 1024px) 100vw, 1024px\" \/><\/figure>\n\n\n\n<figure class=\"wp-block-image size-large\"><img loading=\"lazy\" decoding=\"async\" width=\"1024\" height=\"683\" data-id=\"518\" src=\"https:\/\/pgd.brezje.si\/pgd\/wp-content\/uploads\/2025\/12\/R5JR3891-1024x683.jpg\" alt=\"\" class=\"wp-image-518\" srcset=\"https:\/\/pgd.brezje.si\/pgd\/wp-content\/uploads\/2025\/12\/R5JR3891-1024x683.jpg 1024w, https:\/\/pgd.brezje.si\/pgd\/wp-content\/uploads\/2025\/12\/R5JR3891-300x200.jpg 300w, https:\/\/pgd.brezje.si\/pgd\/wp-content\/uploads\/2025\/12\/R5JR3891-768x512.jpg 768w, https:\/\/pgd.brezje.si\/pgd\/wp-content\/uploads\/2025\/12\/R5JR3891-1536x1025.jpg 1536w, https:\/\/pgd.brezje.si\/pgd\/wp-content\/uploads\/2025\/12\/R5JR3891-2048x1366.jpg 2048w\" sizes=\"auto, (max-width: 1024px) 100vw, 1024px\" \/><\/figure>\n<\/figure>\n\n\n\n<p>Foto: Jakob Remar<\/p>\n","protected":false},"excerpt":{"rendered":"<p>PGD Brezje na Gorenjskem smo izvedli meddru\u0161tveno vajo PGD Brezje na Gorenjskem smo izvedli meddru\u0161tveno vajo, na kateri so sodelovala prostovoljna gasilska dru\u0161tva Ljubno, Mo\u0161nje in Radovljica. Scenarij vaje je predvideval po\u017ear v gospodarskem objektu na Dobrem Polju, kjer naj bi bila v notranjosti ujeta ena oseba. Po prihodu na kraj so enote vzpostavile napadno [&hellip;]<\/p>\n","protected":false},"author":2,"featured_media":0,"parent":0,"menu_order":0,"comment_status":"closed","ping_status":"closed","template":"","meta":{"footnotes":""},"class_list":["post-507","page","type-page","status-publish","hentry"],"yoast_head":"<!-- This site is optimized with the Yoast SEO plugin v24.3 - https:\/\/yoast.com\/wordpress\/plugins\/seo\/ -->\n<title>Meddru\u0161tvena vaja - Dobro Polje - PGD Brezje na Gorenjskem<\/title>\n<meta name=\"robots\" content=\"index, follow, max-snippet:-1, max-image-preview:large, max-video-preview:-1\" \/>\n<link rel=\"canonical\" href=\"https:\/\/pgd.brezje.si\/pgd\/meddrustvena-vaja-dobro-polje\/\" \/>\n<meta property=\"og:locale\" content=\"sl_SI\" \/>\n<meta property=\"og:type\" content=\"article\" \/>\n<meta property=\"og:title\" content=\"Meddru\u0161tvena vaja - Dobro Polje - PGD Brezje na Gorenjskem\" \/>\n<meta property=\"og:description\" content=\"PGD Brezje na Gorenjskem smo izvedli meddru\u0161tveno vajo PGD Brezje na Gorenjskem smo izvedli meddru\u0161tveno vajo, na kateri so sodelovala prostovoljna gasilska dru\u0161tva Ljubno, Mo\u0161nje in Radovljica. Scenarij vaje je predvideval po\u017ear v gospodarskem objektu na Dobrem Polju, kjer naj bi bila v notranjosti ujeta ena oseba. Po prihodu na kraj so enote vzpostavile napadno [&hellip;]\" \/>\n<meta property=\"og:url\" content=\"https:\/\/pgd.brezje.si\/pgd\/meddrustvena-vaja-dobro-polje\/\" \/>\n<meta property=\"og:site_name\" content=\"PGD Brezje na Gorenjskem\" \/>\n<meta property=\"article:publisher\" content=\"https:\/\/www.facebook.com\/pgdbrezjemladina\" \/>\n<meta property=\"article:modified_time\" content=\"2025-12-26T11:01:52+00:00\" \/>\n<meta property=\"og:image\" content=\"https:\/\/pgd.brezje.si\/pgd\/wp-content\/uploads\/2025\/12\/DJI_20251118154948_0081_D-2-scaled.jpg\" \/>\n\t<meta property=\"og:image:width\" content=\"2560\" \/>\n\t<meta property=\"og:image:height\" content=\"1920\" \/>\n\t<meta property=\"og:image:type\" content=\"image\/jpeg\" \/>\n<meta name=\"twitter:card\" content=\"summary_large_image\" \/>\n<meta name=\"twitter:label1\" content=\"Est. reading time\" \/>\n\t<meta name=\"twitter:data1\" content=\"3 minute\" \/>\n<script type=\"application\/ld+json\" class=\"yoast-schema-graph\">{\"@context\":\"https:\/\/schema.org\",\"@graph\":[{\"@type\":\"WebPage\",\"@id\":\"https:\/\/pgd.brezje.si\/pgd\/meddrustvena-vaja-dobro-polje\/\",\"url\":\"https:\/\/pgd.brezje.si\/pgd\/meddrustvena-vaja-dobro-polje\/\",\"name\":\"Meddru\u0161tvena vaja - Dobro Polje - PGD Brezje na Gorenjskem\",\"isPartOf\":{\"@id\":\"https:\/\/pgd.brezje.si\/pgd\/#website\"},\"primaryImageOfPage\":{\"@id\":\"https:\/\/pgd.brezje.si\/pgd\/meddrustvena-vaja-dobro-polje\/#primaryimage\"},\"image\":{\"@id\":\"https:\/\/pgd.brezje.si\/pgd\/meddrustvena-vaja-dobro-polje\/#primaryimage\"},\"thumbnailUrl\":\"https:\/\/pgd.brezje.si\/pgd\/wp-content\/uploads\/2025\/12\/DJI_20251118154948_0081_D-2-1024x768.jpg\",\"datePublished\":\"2025-12-26T11:01:51+00:00\",\"dateModified\":\"2025-12-26T11:01:52+00:00\",\"breadcrumb\":{\"@id\":\"https:\/\/pgd.brezje.si\/pgd\/meddrustvena-vaja-dobro-polje\/#breadcrumb\"},\"inLanguage\":\"sl-SI\",\"potentialAction\":[{\"@type\":\"ReadAction\",\"target\":[\"https:\/\/pgd.brezje.si\/pgd\/meddrustvena-vaja-dobro-polje\/\"]}]},{\"@type\":\"ImageObject\",\"inLanguage\":\"sl-SI\",\"@id\":\"https:\/\/pgd.brezje.si\/pgd\/meddrustvena-vaja-dobro-polje\/#primaryimage\",\"url\":\"https:\/\/pgd.brezje.si\/pgd\/wp-content\/uploads\/2025\/12\/DJI_20251118154948_0081_D-2-scaled.jpg\",\"contentUrl\":\"https:\/\/pgd.brezje.si\/pgd\/wp-content\/uploads\/2025\/12\/DJI_20251118154948_0081_D-2-scaled.jpg\",\"width\":2560,\"height\":1920,\"caption\":\"default\"},{\"@type\":\"BreadcrumbList\",\"@id\":\"https:\/\/pgd.brezje.si\/pgd\/meddrustvena-vaja-dobro-polje\/#breadcrumb\",\"itemListElement\":[{\"@type\":\"ListItem\",\"position\":1,\"name\":\"Home\",\"item\":\"https:\/\/pgd.brezje.si\/pgd\/\"},{\"@type\":\"ListItem\",\"position\":2,\"name\":\"Meddru\u0161tvena vaja &#8211; Dobro Polje\"}]},{\"@type\":\"WebSite\",\"@id\":\"https:\/\/pgd.brezje.si\/pgd\/#website\",\"url\":\"https:\/\/pgd.brezje.si\/pgd\/\",\"name\":\"PGD Brezje na Gorenjskem\",\"description\":\"Obmo\u010dje delovanja KS Brezje: Brezje, \u010crnivec, No\u0161e, Dobro Polje, Malo Dobro Polje - skupno 919 prebivalcev\",\"publisher\":{\"@id\":\"https:\/\/pgd.brezje.si\/pgd\/#organization\"},\"potentialAction\":[{\"@type\":\"SearchAction\",\"target\":{\"@type\":\"EntryPoint\",\"urlTemplate\":\"https:\/\/pgd.brezje.si\/pgd\/?s={search_term_string}\"},\"query-input\":{\"@type\":\"PropertyValueSpecification\",\"valueRequired\":true,\"valueName\":\"search_term_string\"}}],\"inLanguage\":\"sl-SI\"},{\"@type\":\"Organization\",\"@id\":\"https:\/\/pgd.brezje.si\/pgd\/#organization\",\"name\":\"PGD Brezje na Gorenjskem\",\"url\":\"https:\/\/pgd.brezje.si\/pgd\/\",\"logo\":{\"@type\":\"ImageObject\",\"inLanguage\":\"sl-SI\",\"@id\":\"https:\/\/pgd.brezje.si\/pgd\/#\/schema\/logo\/image\/\",\"url\":\"https:\/\/pgd.brezje.si\/pgd\/wp-content\/uploads\/2024\/12\/PGD_Brezje_logo_col.png\",\"contentUrl\":\"https:\/\/pgd.brezje.si\/pgd\/wp-content\/uploads\/2024\/12\/PGD_Brezje_logo_col.png\",\"width\":2208,\"height\":2208,\"caption\":\"PGD Brezje na Gorenjskem\"},\"image\":{\"@id\":\"https:\/\/pgd.brezje.si\/pgd\/#\/schema\/logo\/image\/\"},\"sameAs\":[\"https:\/\/www.facebook.com\/pgdbrezjemladina\",\"https:\/\/www.instagram.com\/pgdbrezje\/\"]}]}<\/script>\n<!-- \/ Yoast SEO plugin. -->","yoast_head_json":{"title":"Meddru\u0161tvena vaja - Dobro Polje - PGD Brezje na Gorenjskem","robots":{"index":"index","follow":"follow","max-snippet":"max-snippet:-1","max-image-preview":"max-image-preview:large","max-video-preview":"max-video-preview:-1"},"canonical":"https:\/\/pgd.brezje.si\/pgd\/meddrustvena-vaja-dobro-polje\/","og_locale":"sl_SI","og_type":"article","og_title":"Meddru\u0161tvena vaja - Dobro Polje - PGD Brezje na Gorenjskem","og_description":"PGD Brezje na Gorenjskem smo izvedli meddru\u0161tveno vajo PGD Brezje na Gorenjskem smo izvedli meddru\u0161tveno vajo, na kateri so sodelovala prostovoljna gasilska dru\u0161tva Ljubno, Mo\u0161nje in Radovljica. Scenarij vaje je predvideval po\u017ear v gospodarskem objektu na Dobrem Polju, kjer naj bi bila v notranjosti ujeta ena oseba. Po prihodu na kraj so enote vzpostavile napadno [&hellip;]","og_url":"https:\/\/pgd.brezje.si\/pgd\/meddrustvena-vaja-dobro-polje\/","og_site_name":"PGD Brezje na Gorenjskem","article_publisher":"https:\/\/www.facebook.com\/pgdbrezjemladina","article_modified_time":"2025-12-26T11:01:52+00:00","og_image":[{"width":2560,"height":1920,"url":"https:\/\/pgd.brezje.si\/pgd\/wp-content\/uploads\/2025\/12\/DJI_20251118154948_0081_D-2-scaled.jpg","type":"image\/jpeg"}],"twitter_card":"summary_large_image","twitter_misc":{"Est. reading time":"3 minute"},"schema":{"@context":"https:\/\/schema.org","@graph":[{"@type":"WebPage","@id":"https:\/\/pgd.brezje.si\/pgd\/meddrustvena-vaja-dobro-polje\/","url":"https:\/\/pgd.brezje.si\/pgd\/meddrustvena-vaja-dobro-polje\/","name":"Meddru\u0161tvena vaja - Dobro Polje - PGD Brezje na Gorenjskem","isPartOf":{"@id":"https:\/\/pgd.brezje.si\/pgd\/#website"},"primaryImageOfPage":{"@id":"https:\/\/pgd.brezje.si\/pgd\/meddrustvena-vaja-dobro-polje\/#primaryimage"},"image":{"@id":"https:\/\/pgd.brezje.si\/pgd\/meddrustvena-vaja-dobro-polje\/#primaryimage"},"thumbnailUrl":"https:\/\/pgd.brezje.si\/pgd\/wp-content\/uploads\/2025\/12\/DJI_20251118154948_0081_D-2-1024x768.jpg","datePublished":"2025-12-26T11:01:51+00:00","dateModified":"2025-12-26T11:01:52+00:00","breadcrumb":{"@id":"https:\/\/pgd.brezje.si\/pgd\/meddrustvena-vaja-dobro-polje\/#breadcrumb"},"inLanguage":"sl-SI","potentialAction":[{"@type":"ReadAction","target":["https:\/\/pgd.brezje.si\/pgd\/meddrustvena-vaja-dobro-polje\/"]}]},{"@type":"ImageObject","inLanguage":"sl-SI","@id":"https:\/\/pgd.brezje.si\/pgd\/meddrustvena-vaja-dobro-polje\/#primaryimage","url":"https:\/\/pgd.brezje.si\/pgd\/wp-content\/uploads\/2025\/12\/DJI_20251118154948_0081_D-2-scaled.jpg","contentUrl":"https:\/\/pgd.brezje.si\/pgd\/wp-content\/uploads\/2025\/12\/DJI_20251118154948_0081_D-2-scaled.jpg","width":2560,"height":1920,"caption":"default"},{"@type":"BreadcrumbList","@id":"https:\/\/pgd.brezje.si\/pgd\/meddrustvena-vaja-dobro-polje\/#breadcrumb","itemListElement":[{"@type":"ListItem","position":1,"name":"Home","item":"https:\/\/pgd.brezje.si\/pgd\/"},{"@type":"ListItem","position":2,"name":"Meddru\u0161tvena vaja &#8211; Dobro Polje"}]},{"@type":"WebSite","@id":"https:\/\/pgd.brezje.si\/pgd\/#website","url":"https:\/\/pgd.brezje.si\/pgd\/","name":"PGD Brezje na Gorenjskem","description":"Obmo\u010dje delovanja KS Brezje: Brezje, \u010crnivec, No\u0161e, Dobro Polje, Malo Dobro Polje - skupno 919 prebivalcev","publisher":{"@id":"https:\/\/pgd.brezje.si\/pgd\/#organization"},"potentialAction":[{"@type":"SearchAction","target":{"@type":"EntryPoint","urlTemplate":"https:\/\/pgd.brezje.si\/pgd\/?s={search_term_string}"},"query-input":{"@type":"PropertyValueSpecification","valueRequired":true,"valueName":"search_term_string"}}],"inLanguage":"sl-SI"},{"@type":"Organization","@id":"https:\/\/pgd.brezje.si\/pgd\/#organization","name":"PGD Brezje na Gorenjskem","url":"https:\/\/pgd.brezje.si\/pgd\/","logo":{"@type":"ImageObject","inLanguage":"sl-SI","@id":"https:\/\/pgd.brezje.si\/pgd\/#\/schema\/logo\/image\/","url":"https:\/\/pgd.brezje.si\/pgd\/wp-content\/uploads\/2024\/12\/PGD_Brezje_logo_col.png","contentUrl":"https:\/\/pgd.brezje.si\/pgd\/wp-content\/uploads\/2024\/12\/PGD_Brezje_logo_col.png","width":2208,"height":2208,"caption":"PGD Brezje na Gorenjskem"},"image":{"@id":"https:\/\/pgd.brezje.si\/pgd\/#\/schema\/logo\/image\/"},"sameAs":["https:\/\/www.facebook.com\/pgdbrezjemladina","https:\/\/www.instagram.com\/pgdbrezje\/"]}]}},"_links":{"self":[{"href":"https:\/\/pgd.brezje.si\/pgd\/wp-json\/wp\/v2\/pages\/507","targetHints":{"allow":["GET"]}}],"collection":[{"href":"https:\/\/pgd.brezje.si\/pgd\/wp-json\/wp\/v2\/pages"}],"about":[{"href":"https:\/\/pgd.brezje.si\/pgd\/wp-json\/wp\/v2\/types\/page"}],"author":[{"embeddable":true,"href":"https:\/\/pgd.brezje.si\/pgd\/wp-json\/wp\/v2\/users\/2"}],"replies":[{"embeddable":true,"href":"https:\/\/pgd.brezje.si\/pgd\/wp-json\/wp\/v2\/comments?post=507"}],"version-history":[{"count":1,"href":"https:\/\/pgd.brezje.si\/pgd\/wp-json\/wp\/v2\/pages\/507\/revisions"}],"predecessor-version":[{"id":521,"href":"https:\/\/pgd.brezje.si\/pgd\/wp-json\/wp\/v2\/pages\/507\/revisions\/521"}],"wp:attachment":[{"href":"https:\/\/pgd.brezje.si\/pgd\/wp-json\/wp\/v2\/media?parent=507"}],"curies":[{"name":"wp","href":"https:\/\/api.w.org\/{rel}","templated":true}]}}