{"id":403,"date":"2025-04-23T13:20:52","date_gmt":"2025-04-23T13:20:52","guid":{"rendered":"https:\/\/pgd.brezje.si\/pgd\/?page_id=403"},"modified":"2025-04-23T13:27:24","modified_gmt":"2025-04-23T13:27:24","slug":"21-vseslovensko-romanje-gasilcev-na-brezje","status":"publish","type":"page","link":"https:\/\/pgd.brezje.si\/pgd\/21-vseslovensko-romanje-gasilcev-na-brezje\/","title":{"rendered":"21. Vseslovensko romanje gasilcev na Brezje"},"content":{"rendered":"\n<p>Ob godu sv. Florijana, zavetnika gasilcev, gasilci iz Prostovoljnega dru\u0161tva Brezje na Gorenjskem organiziramo \u017ee 21. Vseslovensko romanje gasilcev na Brezje. Romanje bo v soboto, 3. maja 2025 ob 15. uri v narodnem sveti\u0161\u010du Marije Pomagaj.<\/p>\n\n\n\n<p>Ta tradicionalni dogodek se je za\u010del \u017ee leta 2000, na pobudo tedanjega gvardijana brezjanske bazilike, patra Cirila Bo\u017ei\u010da. \u017de prvo leto se je odzvalo pribli\u017eno 350 gasilcev iz vse Slovenije, in vsako leto se nas je zbralo ve\u010d \u2013 pred epidemijo tudi do 450. V \u010dasu epidemije \u2013 Covid 19, romanja ni bilo in se sigurno pozna upad udele\u017ebe, zdaj pa se \u0161tevilka \u017ee pove\u010duje. Prej\u0161nje leto (2024) smo na ta dan prevzeli tudi na\u0161e novo vozilo GVC-1, predali staro cisterno in imeli manj\u0161o slovesnost ob prevzemu.<\/p>\n\n\n\n<p>Romanje ni le prilo\u017enost za pro\u0161njo in zahvalo sv. Florijanu za varstvo in pomo\u010d, ampak tudi za sre\u010danje, dru\u017eenje in izmenjavo izku\u0161enj med gasilci.<\/p>\n\n\n\n<figure class=\"wp-block-gallery has-nested-images columns-default is-cropped wp-block-gallery-1 is-layout-flex wp-block-gallery-is-layout-flex\">\n<figure class=\"wp-block-image size-large\"><img loading=\"lazy\" decoding=\"async\" width=\"1024\" height=\"683\" data-id=\"410\" src=\"https:\/\/pgd.brezje.si\/pgd\/wp-content\/uploads\/2025\/04\/REML7122-1024x683.jpg\" alt=\"\" class=\"wp-image-410\" srcset=\"https:\/\/pgd.brezje.si\/pgd\/wp-content\/uploads\/2025\/04\/REML7122-1024x683.jpg 1024w, https:\/\/pgd.brezje.si\/pgd\/wp-content\/uploads\/2025\/04\/REML7122-300x200.jpg 300w, https:\/\/pgd.brezje.si\/pgd\/wp-content\/uploads\/2025\/04\/REML7122-768x512.jpg 768w, https:\/\/pgd.brezje.si\/pgd\/wp-content\/uploads\/2025\/04\/REML7122-1536x1024.jpg 1536w, https:\/\/pgd.brezje.si\/pgd\/wp-content\/uploads\/2025\/04\/REML7122-2048x1366.jpg 2048w\" sizes=\"auto, (max-width: 1024px) 100vw, 1024px\" \/><\/figure>\n\n\n\n<figure class=\"wp-block-image size-large\"><img loading=\"lazy\" decoding=\"async\" width=\"1024\" height=\"683\" data-id=\"413\" src=\"https:\/\/pgd.brezje.si\/pgd\/wp-content\/uploads\/2025\/04\/REML7154-1024x683.jpg\" alt=\"\" class=\"wp-image-413\" srcset=\"https:\/\/pgd.brezje.si\/pgd\/wp-content\/uploads\/2025\/04\/REML7154-1024x683.jpg 1024w, https:\/\/pgd.brezje.si\/pgd\/wp-content\/uploads\/2025\/04\/REML7154-300x200.jpg 300w, https:\/\/pgd.brezje.si\/pgd\/wp-content\/uploads\/2025\/04\/REML7154-768x512.jpg 768w, https:\/\/pgd.brezje.si\/pgd\/wp-content\/uploads\/2025\/04\/REML7154-1536x1024.jpg 1536w, https:\/\/pgd.brezje.si\/pgd\/wp-content\/uploads\/2025\/04\/REML7154-2048x1366.jpg 2048w\" sizes=\"auto, (max-width: 1024px) 100vw, 1024px\" \/><\/figure>\n\n\n\n<figure class=\"wp-block-image size-large\"><img loading=\"lazy\" decoding=\"async\" width=\"683\" height=\"1024\" data-id=\"409\" src=\"https:\/\/pgd.brezje.si\/pgd\/wp-content\/uploads\/2025\/04\/REML7164-1-683x1024.jpg\" alt=\"\" class=\"wp-image-409\" srcset=\"https:\/\/pgd.brezje.si\/pgd\/wp-content\/uploads\/2025\/04\/REML7164-1-683x1024.jpg 683w, https:\/\/pgd.brezje.si\/pgd\/wp-content\/uploads\/2025\/04\/REML7164-1-200x300.jpg 200w, https:\/\/pgd.brezje.si\/pgd\/wp-content\/uploads\/2025\/04\/REML7164-1-768x1152.jpg 768w, https:\/\/pgd.brezje.si\/pgd\/wp-content\/uploads\/2025\/04\/REML7164-1-1024x1536.jpg 1024w, https:\/\/pgd.brezje.si\/pgd\/wp-content\/uploads\/2025\/04\/REML7164-1-1365x2048.jpg 1365w, https:\/\/pgd.brezje.si\/pgd\/wp-content\/uploads\/2025\/04\/REML7164-1-scaled.jpg 1707w\" sizes=\"auto, (max-width: 683px) 100vw, 683px\" \/><\/figure>\n\n\n\n<figure class=\"wp-block-image size-large\"><img loading=\"lazy\" decoding=\"async\" width=\"683\" height=\"1024\" data-id=\"412\" src=\"https:\/\/pgd.brezje.si\/pgd\/wp-content\/uploads\/2025\/04\/REML7170-683x1024.jpg\" alt=\"\" class=\"wp-image-412\" srcset=\"https:\/\/pgd.brezje.si\/pgd\/wp-content\/uploads\/2025\/04\/REML7170-683x1024.jpg 683w, https:\/\/pgd.brezje.si\/pgd\/wp-content\/uploads\/2025\/04\/REML7170-200x300.jpg 200w, https:\/\/pgd.brezje.si\/pgd\/wp-content\/uploads\/2025\/04\/REML7170-768x1152.jpg 768w, https:\/\/pgd.brezje.si\/pgd\/wp-content\/uploads\/2025\/04\/REML7170-1024x1536.jpg 1024w, https:\/\/pgd.brezje.si\/pgd\/wp-content\/uploads\/2025\/04\/REML7170-1366x2048.jpg 1366w, https:\/\/pgd.brezje.si\/pgd\/wp-content\/uploads\/2025\/04\/REML7170-scaled.jpg 1707w\" sizes=\"auto, (max-width: 683px) 100vw, 683px\" \/><\/figure>\n\n\n\n<figure class=\"wp-block-image size-large\"><img loading=\"lazy\" decoding=\"async\" width=\"1024\" height=\"683\" data-id=\"415\" src=\"https:\/\/pgd.brezje.si\/pgd\/wp-content\/uploads\/2025\/04\/REML7330-1024x683.jpg\" alt=\"\" class=\"wp-image-415\" srcset=\"https:\/\/pgd.brezje.si\/pgd\/wp-content\/uploads\/2025\/04\/REML7330-1024x683.jpg 1024w, https:\/\/pgd.brezje.si\/pgd\/wp-content\/uploads\/2025\/04\/REML7330-300x200.jpg 300w, https:\/\/pgd.brezje.si\/pgd\/wp-content\/uploads\/2025\/04\/REML7330-768x512.jpg 768w, https:\/\/pgd.brezje.si\/pgd\/wp-content\/uploads\/2025\/04\/REML7330-1536x1024.jpg 1536w, https:\/\/pgd.brezje.si\/pgd\/wp-content\/uploads\/2025\/04\/REML7330-2048x1366.jpg 2048w\" sizes=\"auto, (max-width: 1024px) 100vw, 1024px\" \/><\/figure>\n\n\n\n<figure class=\"wp-block-image size-large\"><img loading=\"lazy\" decoding=\"async\" width=\"1024\" height=\"576\" data-id=\"416\" src=\"https:\/\/pgd.brezje.si\/pgd\/wp-content\/uploads\/2025\/04\/REML7417-1024x576.jpg\" alt=\"\" class=\"wp-image-416\" srcset=\"https:\/\/pgd.brezje.si\/pgd\/wp-content\/uploads\/2025\/04\/REML7417-1024x576.jpg 1024w, https:\/\/pgd.brezje.si\/pgd\/wp-content\/uploads\/2025\/04\/REML7417-300x169.jpg 300w, https:\/\/pgd.brezje.si\/pgd\/wp-content\/uploads\/2025\/04\/REML7417-768x432.jpg 768w, https:\/\/pgd.brezje.si\/pgd\/wp-content\/uploads\/2025\/04\/REML7417-1536x864.jpg 1536w, https:\/\/pgd.brezje.si\/pgd\/wp-content\/uploads\/2025\/04\/REML7417-2048x1152.jpg 2048w\" sizes=\"auto, (max-width: 1024px) 100vw, 1024px\" \/><\/figure>\n\n\n\n<figure class=\"wp-block-image size-large\"><img loading=\"lazy\" decoding=\"async\" width=\"1024\" height=\"683\" data-id=\"414\" src=\"https:\/\/pgd.brezje.si\/pgd\/wp-content\/uploads\/2025\/04\/REML7472-1024x683.jpg\" alt=\"\" class=\"wp-image-414\" srcset=\"https:\/\/pgd.brezje.si\/pgd\/wp-content\/uploads\/2025\/04\/REML7472-1024x683.jpg 1024w, https:\/\/pgd.brezje.si\/pgd\/wp-content\/uploads\/2025\/04\/REML7472-300x200.jpg 300w, https:\/\/pgd.brezje.si\/pgd\/wp-content\/uploads\/2025\/04\/REML7472-768x512.jpg 768w, https:\/\/pgd.brezje.si\/pgd\/wp-content\/uploads\/2025\/04\/REML7472-1536x1024.jpg 1536w, https:\/\/pgd.brezje.si\/pgd\/wp-content\/uploads\/2025\/04\/REML7472-2048x1366.jpg 2048w\" sizes=\"auto, (max-width: 1024px) 100vw, 1024px\" \/><\/figure>\n\n\n\n<figure class=\"wp-block-image size-large\"><img loading=\"lazy\" decoding=\"async\" width=\"1024\" height=\"683\" data-id=\"411\" src=\"https:\/\/pgd.brezje.si\/pgd\/wp-content\/uploads\/2025\/04\/REML7494-1024x683.jpg\" alt=\"\" class=\"wp-image-411\" srcset=\"https:\/\/pgd.brezje.si\/pgd\/wp-content\/uploads\/2025\/04\/REML7494-1024x683.jpg 1024w, https:\/\/pgd.brezje.si\/pgd\/wp-content\/uploads\/2025\/04\/REML7494-300x200.jpg 300w, https:\/\/pgd.brezje.si\/pgd\/wp-content\/uploads\/2025\/04\/REML7494-768x512.jpg 768w, https:\/\/pgd.brezje.si\/pgd\/wp-content\/uploads\/2025\/04\/REML7494-1536x1024.jpg 1536w, https:\/\/pgd.brezje.si\/pgd\/wp-content\/uploads\/2025\/04\/REML7494-2048x1366.jpg 2048w\" sizes=\"auto, (max-width: 1024px) 100vw, 1024px\" \/><\/figure>\n<\/figure>\n\n\n\n<p>Foto: <strong>\u00a9<\/strong>Jakob Remar, 4. maj 2024<\/p>\n\n\n\n<p>PROGRAM<\/p>\n\n\n\n<p>Ob 14.30 je zbor gasilcev iz celotne slovenije pred gasilskim domom na Brezjah, potem v slovesni paradi gasilcev odidemo proti Baziliki, sledi ma\u0161a v narodnem sredi\u0161\u010du Marije Pomagaj, ki jo bo za gasilce daroval ljubljanski pomo\u017eni \u0161kof monsinjor dr. Franc \u0160u\u0161tar. Po ma\u0161i bo blagoslov vozil in opreme, na prostoru pred baziliko, po blagoslovu pa sledi \u0161e dru\u017eabno sre\u010danje pred gasilskim domom.<\/p>\n\n\n\n<p>Za ve\u010d informacij nam lahko sledite na <a href=\"https:\/\/www.facebook.com\/pgdbrezjemladina\">Facebook-u<\/a> in <a href=\"https:\/\/www.instagram.com\/pgdbrezje\/\">Instagramu<\/a>.<\/p>\n\n\n\n<p>Zaradi la\u017eje organizacije prosimo, da udele\u017ebo javite na telefon&nbsp;040 476 334 (Metod Gaber) ali po elektronski po\u0161ti&nbsp;<a href=\"mailto:pgd@brezje.si\">pgd@brezje.si<\/a><\/p>\n\n\n\n<p>Veselimo se sre\u010danja z vami in vas pozdravljamo z gasilskim pozdravom;<\/p>\n\n\n\n<p>Na pomo\u010d!<\/p>\n\n\n\n<figure class=\"wp-block-embed is-type-video is-provider-youtube wp-block-embed-youtube wp-embed-aspect-16-9 wp-has-aspect-ratio\"><div class=\"wp-block-embed__wrapper\">\n<iframe loading=\"lazy\" title=\"Vseslovensko romanje gasilcev na Brezje\" width=\"500\" height=\"281\" src=\"https:\/\/www.youtube.com\/embed\/9gJA4kbK5bc?feature=oembed\" frameborder=\"0\" allow=\"accelerometer; autoplay; clipboard-write; encrypted-media; gyroscope; picture-in-picture; web-share\" referrerpolicy=\"strict-origin-when-cross-origin\" allowfullscreen><\/iframe>\n<\/div><\/figure>\n\n\n\n<p>Objavljeno: 23.4.2025<\/p>\n\n\n\n<p><\/p>\n","protected":false},"excerpt":{"rendered":"<p>Ob godu sv. Florijana, zavetnika gasilcev, gasilci iz Prostovoljnega dru\u0161tva Brezje na Gorenjskem organiziramo \u017ee 21. Vseslovensko romanje gasilcev na Brezje. Romanje bo v soboto, 3. maja 2025 ob 15. uri v narodnem sveti\u0161\u010du Marije Pomagaj. Ta tradicionalni dogodek se je za\u010del \u017ee leta 2000, na pobudo tedanjega gvardijana brezjanske bazilike, patra Cirila Bo\u017ei\u010da. \u017de [&hellip;]<\/p>\n","protected":false},"author":2,"featured_media":0,"parent":0,"menu_order":0,"comment_status":"closed","ping_status":"closed","template":"","meta":{"footnotes":""},"class_list":["post-403","page","type-page","status-publish","hentry"],"yoast_head":"<!-- This site is optimized with the Yoast SEO plugin v24.3 - https:\/\/yoast.com\/wordpress\/plugins\/seo\/ -->\n<title>21. Vseslovensko romanje gasilcev na Brezje - PGD Brezje na Gorenjskem<\/title>\n<meta name=\"robots\" content=\"index, follow, max-snippet:-1, max-image-preview:large, max-video-preview:-1\" \/>\n<link rel=\"canonical\" href=\"https:\/\/pgd.brezje.si\/pgd\/21-vseslovensko-romanje-gasilcev-na-brezje\/\" \/>\n<meta property=\"og:locale\" content=\"sl_SI\" \/>\n<meta property=\"og:type\" content=\"article\" \/>\n<meta property=\"og:title\" content=\"21. Vseslovensko romanje gasilcev na Brezje - PGD Brezje na Gorenjskem\" \/>\n<meta property=\"og:description\" content=\"Ob godu sv. Florijana, zavetnika gasilcev, gasilci iz Prostovoljnega dru\u0161tva Brezje na Gorenjskem organiziramo \u017ee 21. Vseslovensko romanje gasilcev na Brezje. Romanje bo v soboto, 3. maja 2025 ob 15. uri v narodnem sveti\u0161\u010du Marije Pomagaj. Ta tradicionalni dogodek se je za\u010del \u017ee leta 2000, na pobudo tedanjega gvardijana brezjanske bazilike, patra Cirila Bo\u017ei\u010da. \u017de [&hellip;]\" \/>\n<meta property=\"og:url\" content=\"https:\/\/pgd.brezje.si\/pgd\/21-vseslovensko-romanje-gasilcev-na-brezje\/\" \/>\n<meta property=\"og:site_name\" content=\"PGD Brezje na Gorenjskem\" \/>\n<meta property=\"article:publisher\" content=\"https:\/\/www.facebook.com\/pgdbrezjemladina\" \/>\n<meta property=\"article:modified_time\" content=\"2025-04-23T13:27:24+00:00\" \/>\n<meta property=\"og:image\" content=\"https:\/\/pgd.brezje.si\/pgd\/wp-content\/uploads\/2025\/04\/REML7122-scaled.jpg\" \/>\n\t<meta property=\"og:image:width\" content=\"2560\" \/>\n\t<meta property=\"og:image:height\" content=\"1707\" \/>\n\t<meta property=\"og:image:type\" content=\"image\/jpeg\" \/>\n<meta name=\"twitter:card\" content=\"summary_large_image\" \/>\n<meta name=\"twitter:label1\" content=\"Est. reading time\" \/>\n\t<meta name=\"twitter:data1\" content=\"4 minute\" \/>\n<script type=\"application\/ld+json\" class=\"yoast-schema-graph\">{\"@context\":\"https:\/\/schema.org\",\"@graph\":[{\"@type\":\"WebPage\",\"@id\":\"https:\/\/pgd.brezje.si\/pgd\/21-vseslovensko-romanje-gasilcev-na-brezje\/\",\"url\":\"https:\/\/pgd.brezje.si\/pgd\/21-vseslovensko-romanje-gasilcev-na-brezje\/\",\"name\":\"21. Vseslovensko romanje gasilcev na Brezje - PGD Brezje na Gorenjskem\",\"isPartOf\":{\"@id\":\"https:\/\/pgd.brezje.si\/pgd\/#website\"},\"primaryImageOfPage\":{\"@id\":\"https:\/\/pgd.brezje.si\/pgd\/21-vseslovensko-romanje-gasilcev-na-brezje\/#primaryimage\"},\"image\":{\"@id\":\"https:\/\/pgd.brezje.si\/pgd\/21-vseslovensko-romanje-gasilcev-na-brezje\/#primaryimage\"},\"thumbnailUrl\":\"https:\/\/pgd.brezje.si\/pgd\/wp-content\/uploads\/2025\/04\/REML7122-1024x683.jpg\",\"datePublished\":\"2025-04-23T13:20:52+00:00\",\"dateModified\":\"2025-04-23T13:27:24+00:00\",\"breadcrumb\":{\"@id\":\"https:\/\/pgd.brezje.si\/pgd\/21-vseslovensko-romanje-gasilcev-na-brezje\/#breadcrumb\"},\"inLanguage\":\"sl-SI\",\"potentialAction\":[{\"@type\":\"ReadAction\",\"target\":[\"https:\/\/pgd.brezje.si\/pgd\/21-vseslovensko-romanje-gasilcev-na-brezje\/\"]}]},{\"@type\":\"ImageObject\",\"inLanguage\":\"sl-SI\",\"@id\":\"https:\/\/pgd.brezje.si\/pgd\/21-vseslovensko-romanje-gasilcev-na-brezje\/#primaryimage\",\"url\":\"https:\/\/pgd.brezje.si\/pgd\/wp-content\/uploads\/2025\/04\/REML7122-scaled.jpg\",\"contentUrl\":\"https:\/\/pgd.brezje.si\/pgd\/wp-content\/uploads\/2025\/04\/REML7122-scaled.jpg\",\"width\":2560,\"height\":1707},{\"@type\":\"BreadcrumbList\",\"@id\":\"https:\/\/pgd.brezje.si\/pgd\/21-vseslovensko-romanje-gasilcev-na-brezje\/#breadcrumb\",\"itemListElement\":[{\"@type\":\"ListItem\",\"position\":1,\"name\":\"Home\",\"item\":\"https:\/\/pgd.brezje.si\/pgd\/\"},{\"@type\":\"ListItem\",\"position\":2,\"name\":\"21. Vseslovensko romanje gasilcev na Brezje\"}]},{\"@type\":\"WebSite\",\"@id\":\"https:\/\/pgd.brezje.si\/pgd\/#website\",\"url\":\"https:\/\/pgd.brezje.si\/pgd\/\",\"name\":\"PGD Brezje na Gorenjskem\",\"description\":\"Obmo\u010dje delovanja KS Brezje: Brezje, \u010crnivec, No\u0161e, Dobro Polje, Malo Dobro Polje - skupno 919 prebivalcev\",\"publisher\":{\"@id\":\"https:\/\/pgd.brezje.si\/pgd\/#organization\"},\"potentialAction\":[{\"@type\":\"SearchAction\",\"target\":{\"@type\":\"EntryPoint\",\"urlTemplate\":\"https:\/\/pgd.brezje.si\/pgd\/?s={search_term_string}\"},\"query-input\":{\"@type\":\"PropertyValueSpecification\",\"valueRequired\":true,\"valueName\":\"search_term_string\"}}],\"inLanguage\":\"sl-SI\"},{\"@type\":\"Organization\",\"@id\":\"https:\/\/pgd.brezje.si\/pgd\/#organization\",\"name\":\"PGD Brezje na Gorenjskem\",\"url\":\"https:\/\/pgd.brezje.si\/pgd\/\",\"logo\":{\"@type\":\"ImageObject\",\"inLanguage\":\"sl-SI\",\"@id\":\"https:\/\/pgd.brezje.si\/pgd\/#\/schema\/logo\/image\/\",\"url\":\"https:\/\/pgd.brezje.si\/pgd\/wp-content\/uploads\/2024\/12\/PGD_Brezje_logo_col.png\",\"contentUrl\":\"https:\/\/pgd.brezje.si\/pgd\/wp-content\/uploads\/2024\/12\/PGD_Brezje_logo_col.png\",\"width\":2208,\"height\":2208,\"caption\":\"PGD Brezje na Gorenjskem\"},\"image\":{\"@id\":\"https:\/\/pgd.brezje.si\/pgd\/#\/schema\/logo\/image\/\"},\"sameAs\":[\"https:\/\/www.facebook.com\/pgdbrezjemladina\",\"https:\/\/www.instagram.com\/pgdbrezje\/\"]}]}<\/script>\n<!-- \/ Yoast SEO plugin. -->","yoast_head_json":{"title":"21. Vseslovensko romanje gasilcev na Brezje - PGD Brezje na Gorenjskem","robots":{"index":"index","follow":"follow","max-snippet":"max-snippet:-1","max-image-preview":"max-image-preview:large","max-video-preview":"max-video-preview:-1"},"canonical":"https:\/\/pgd.brezje.si\/pgd\/21-vseslovensko-romanje-gasilcev-na-brezje\/","og_locale":"sl_SI","og_type":"article","og_title":"21. Vseslovensko romanje gasilcev na Brezje - PGD Brezje na Gorenjskem","og_description":"Ob godu sv. Florijana, zavetnika gasilcev, gasilci iz Prostovoljnega dru\u0161tva Brezje na Gorenjskem organiziramo \u017ee 21. Vseslovensko romanje gasilcev na Brezje. Romanje bo v soboto, 3. maja 2025 ob 15. uri v narodnem sveti\u0161\u010du Marije Pomagaj. Ta tradicionalni dogodek se je za\u010del \u017ee leta 2000, na pobudo tedanjega gvardijana brezjanske bazilike, patra Cirila Bo\u017ei\u010da. \u017de [&hellip;]","og_url":"https:\/\/pgd.brezje.si\/pgd\/21-vseslovensko-romanje-gasilcev-na-brezje\/","og_site_name":"PGD Brezje na Gorenjskem","article_publisher":"https:\/\/www.facebook.com\/pgdbrezjemladina","article_modified_time":"2025-04-23T13:27:24+00:00","og_image":[{"width":2560,"height":1707,"url":"https:\/\/pgd.brezje.si\/pgd\/wp-content\/uploads\/2025\/04\/REML7122-scaled.jpg","type":"image\/jpeg"}],"twitter_card":"summary_large_image","twitter_misc":{"Est. reading time":"4 minute"},"schema":{"@context":"https:\/\/schema.org","@graph":[{"@type":"WebPage","@id":"https:\/\/pgd.brezje.si\/pgd\/21-vseslovensko-romanje-gasilcev-na-brezje\/","url":"https:\/\/pgd.brezje.si\/pgd\/21-vseslovensko-romanje-gasilcev-na-brezje\/","name":"21. Vseslovensko romanje gasilcev na Brezje - PGD Brezje na Gorenjskem","isPartOf":{"@id":"https:\/\/pgd.brezje.si\/pgd\/#website"},"primaryImageOfPage":{"@id":"https:\/\/pgd.brezje.si\/pgd\/21-vseslovensko-romanje-gasilcev-na-brezje\/#primaryimage"},"image":{"@id":"https:\/\/pgd.brezje.si\/pgd\/21-vseslovensko-romanje-gasilcev-na-brezje\/#primaryimage"},"thumbnailUrl":"https:\/\/pgd.brezje.si\/pgd\/wp-content\/uploads\/2025\/04\/REML7122-1024x683.jpg","datePublished":"2025-04-23T13:20:52+00:00","dateModified":"2025-04-23T13:27:24+00:00","breadcrumb":{"@id":"https:\/\/pgd.brezje.si\/pgd\/21-vseslovensko-romanje-gasilcev-na-brezje\/#breadcrumb"},"inLanguage":"sl-SI","potentialAction":[{"@type":"ReadAction","target":["https:\/\/pgd.brezje.si\/pgd\/21-vseslovensko-romanje-gasilcev-na-brezje\/"]}]},{"@type":"ImageObject","inLanguage":"sl-SI","@id":"https:\/\/pgd.brezje.si\/pgd\/21-vseslovensko-romanje-gasilcev-na-brezje\/#primaryimage","url":"https:\/\/pgd.brezje.si\/pgd\/wp-content\/uploads\/2025\/04\/REML7122-scaled.jpg","contentUrl":"https:\/\/pgd.brezje.si\/pgd\/wp-content\/uploads\/2025\/04\/REML7122-scaled.jpg","width":2560,"height":1707},{"@type":"BreadcrumbList","@id":"https:\/\/pgd.brezje.si\/pgd\/21-vseslovensko-romanje-gasilcev-na-brezje\/#breadcrumb","itemListElement":[{"@type":"ListItem","position":1,"name":"Home","item":"https:\/\/pgd.brezje.si\/pgd\/"},{"@type":"ListItem","position":2,"name":"21. Vseslovensko romanje gasilcev na Brezje"}]},{"@type":"WebSite","@id":"https:\/\/pgd.brezje.si\/pgd\/#website","url":"https:\/\/pgd.brezje.si\/pgd\/","name":"PGD Brezje na Gorenjskem","description":"Obmo\u010dje delovanja KS Brezje: Brezje, \u010crnivec, No\u0161e, Dobro Polje, Malo Dobro Polje - skupno 919 prebivalcev","publisher":{"@id":"https:\/\/pgd.brezje.si\/pgd\/#organization"},"potentialAction":[{"@type":"SearchAction","target":{"@type":"EntryPoint","urlTemplate":"https:\/\/pgd.brezje.si\/pgd\/?s={search_term_string}"},"query-input":{"@type":"PropertyValueSpecification","valueRequired":true,"valueName":"search_term_string"}}],"inLanguage":"sl-SI"},{"@type":"Organization","@id":"https:\/\/pgd.brezje.si\/pgd\/#organization","name":"PGD Brezje na Gorenjskem","url":"https:\/\/pgd.brezje.si\/pgd\/","logo":{"@type":"ImageObject","inLanguage":"sl-SI","@id":"https:\/\/pgd.brezje.si\/pgd\/#\/schema\/logo\/image\/","url":"https:\/\/pgd.brezje.si\/pgd\/wp-content\/uploads\/2024\/12\/PGD_Brezje_logo_col.png","contentUrl":"https:\/\/pgd.brezje.si\/pgd\/wp-content\/uploads\/2024\/12\/PGD_Brezje_logo_col.png","width":2208,"height":2208,"caption":"PGD Brezje na Gorenjskem"},"image":{"@id":"https:\/\/pgd.brezje.si\/pgd\/#\/schema\/logo\/image\/"},"sameAs":["https:\/\/www.facebook.com\/pgdbrezjemladina","https:\/\/www.instagram.com\/pgdbrezje\/"]}]}},"_links":{"self":[{"href":"https:\/\/pgd.brezje.si\/pgd\/wp-json\/wp\/v2\/pages\/403","targetHints":{"allow":["GET"]}}],"collection":[{"href":"https:\/\/pgd.brezje.si\/pgd\/wp-json\/wp\/v2\/pages"}],"about":[{"href":"https:\/\/pgd.brezje.si\/pgd\/wp-json\/wp\/v2\/types\/page"}],"author":[{"embeddable":true,"href":"https:\/\/pgd.brezje.si\/pgd\/wp-json\/wp\/v2\/users\/2"}],"replies":[{"embeddable":true,"href":"https:\/\/pgd.brezje.si\/pgd\/wp-json\/wp\/v2\/comments?post=403"}],"version-history":[{"count":5,"href":"https:\/\/pgd.brezje.si\/pgd\/wp-json\/wp\/v2\/pages\/403\/revisions"}],"predecessor-version":[{"id":420,"href":"https:\/\/pgd.brezje.si\/pgd\/wp-json\/wp\/v2\/pages\/403\/revisions\/420"}],"wp:attachment":[{"href":"https:\/\/pgd.brezje.si\/pgd\/wp-json\/wp\/v2\/media?parent=403"}],"curies":[{"name":"wp","href":"https:\/\/api.w.org\/{rel}","templated":true}]}}