{"id":334,"date":"2024-12-09T13:02:11","date_gmt":"2024-12-09T13:02:11","guid":{"rendered":"https:\/\/pgd.brezje.si\/pgd\/?page_id=334"},"modified":"2024-12-09T13:02:11","modified_gmt":"2024-12-09T13:02:11","slug":"pozar-na-krasu-2024","status":"publish","type":"page","link":"https:\/\/pgd.brezje.si\/pgd\/pozar-na-krasu-2024\/","title":{"rendered":"Po\u017ear na Krasu 2024"},"content":{"rendered":"\n<p>Enote GZ Radovljica\ud83d\udcdf, ki so bile aktivirane so prispele na Kras\ud83d\udcaa med njimi tudi 6 na\u0161ih \u010dlanov\ud83e\uddd1\u200d\ud83d\ude92\ud83d\udc68\u200d\ud83d\ude92, ki bodo na terenu aktivni vse do jutri zjutraj\ud83d\ude92\ud83d\udd25<\/p>\n\n\n\n<p>Sre\u010dno ter varno vsem, ki trenutno pomagate na terenu\ud83e\udee1<\/p>\n\n\n\n<p>Po\u017ear je poga\u0161en in nevarnosti je konec\ud83d\udd25 V \u010detrtek smo se odzvali na pomo\u010d\ud83d\udcdf in s \u0161estimi gasilci in GVM-1\ud83d\ude92 od\u0161li v no\u010dno izmeno\u2728 na po\u017ear. Po dolgi in naporni, a uspe\u0161ni no\u010di smo se odpravili domov, zamenjala pa nas je dnevna ekipa\ud83d\udc69\u200d\ud83d\ude92\ud83d\udc68\u200d\ud83d\ude92<br>Zaradi odli\u010dne organizacije smo s skupnimi mo\u010dmi\ud83d\udcaapo\u017ear uspeli omejiti v zelo kratkem \u010dasu\ud83e\udee1\ud83d\udd25, tako smo skupaj opravili 126ur\ud83d\ude92<\/p>\n\n\n\n<figure class=\"wp-block-gallery has-nested-images columns-default is-cropped wp-block-gallery-1 is-layout-flex wp-block-gallery-is-layout-flex\">\n<figure class=\"wp-block-image size-large\"><img loading=\"lazy\" decoding=\"async\" width=\"1024\" height=\"768\" data-id=\"340\" src=\"https:\/\/pgd.brezje.si\/pgd\/wp-content\/uploads\/2024\/12\/pozar_kras_24-2-1024x768.jpg\" alt=\"\" class=\"wp-image-340\" srcset=\"https:\/\/pgd.brezje.si\/pgd\/wp-content\/uploads\/2024\/12\/pozar_kras_24-2-1024x768.jpg 1024w, https:\/\/pgd.brezje.si\/pgd\/wp-content\/uploads\/2024\/12\/pozar_kras_24-2-300x225.jpg 300w, https:\/\/pgd.brezje.si\/pgd\/wp-content\/uploads\/2024\/12\/pozar_kras_24-2-768x576.jpg 768w, https:\/\/pgd.brezje.si\/pgd\/wp-content\/uploads\/2024\/12\/pozar_kras_24-2-1536x1152.jpg 1536w, https:\/\/pgd.brezje.si\/pgd\/wp-content\/uploads\/2024\/12\/pozar_kras_24-2-2048x1536.jpg 2048w\" sizes=\"auto, (max-width: 1024px) 100vw, 1024px\" \/><\/figure>\n\n\n\n<figure class=\"wp-block-image size-large\"><img loading=\"lazy\" decoding=\"async\" width=\"768\" height=\"1024\" data-id=\"341\" src=\"https:\/\/pgd.brezje.si\/pgd\/wp-content\/uploads\/2024\/12\/pozar_kras_24-3-768x1024.jpg\" alt=\"\" class=\"wp-image-341\" srcset=\"https:\/\/pgd.brezje.si\/pgd\/wp-content\/uploads\/2024\/12\/pozar_kras_24-3-768x1024.jpg 768w, https:\/\/pgd.brezje.si\/pgd\/wp-content\/uploads\/2024\/12\/pozar_kras_24-3-225x300.jpg 225w, https:\/\/pgd.brezje.si\/pgd\/wp-content\/uploads\/2024\/12\/pozar_kras_24-3-1152x1536.jpg 1152w, https:\/\/pgd.brezje.si\/pgd\/wp-content\/uploads\/2024\/12\/pozar_kras_24-3-1536x2048.jpg 1536w, https:\/\/pgd.brezje.si\/pgd\/wp-content\/uploads\/2024\/12\/pozar_kras_24-3-scaled.jpg 1920w\" sizes=\"auto, (max-width: 768px) 100vw, 768px\" \/><\/figure>\n\n\n\n<figure class=\"wp-block-image size-large\"><img loading=\"lazy\" decoding=\"async\" width=\"1024\" height=\"768\" data-id=\"342\" src=\"https:\/\/pgd.brezje.si\/pgd\/wp-content\/uploads\/2024\/12\/pozar_kras_24-4-1024x768.jpg\" alt=\"\" class=\"wp-image-342\" srcset=\"https:\/\/pgd.brezje.si\/pgd\/wp-content\/uploads\/2024\/12\/pozar_kras_24-4-1024x768.jpg 1024w, https:\/\/pgd.brezje.si\/pgd\/wp-content\/uploads\/2024\/12\/pozar_kras_24-4-300x225.jpg 300w, https:\/\/pgd.brezje.si\/pgd\/wp-content\/uploads\/2024\/12\/pozar_kras_24-4-768x576.jpg 768w, https:\/\/pgd.brezje.si\/pgd\/wp-content\/uploads\/2024\/12\/pozar_kras_24-4-1536x1152.jpg 1536w, https:\/\/pgd.brezje.si\/pgd\/wp-content\/uploads\/2024\/12\/pozar_kras_24-4-2048x1536.jpg 2048w\" sizes=\"auto, (max-width: 1024px) 100vw, 1024px\" \/><\/figure>\n\n\n\n<figure class=\"wp-block-image size-large\"><img loading=\"lazy\" decoding=\"async\" width=\"1024\" height=\"768\" data-id=\"338\" src=\"https:\/\/pgd.brezje.si\/pgd\/wp-content\/uploads\/2024\/12\/pozar_kras_24-5-1024x768.jpg\" alt=\"\" class=\"wp-image-338\" srcset=\"https:\/\/pgd.brezje.si\/pgd\/wp-content\/uploads\/2024\/12\/pozar_kras_24-5-1024x768.jpg 1024w, https:\/\/pgd.brezje.si\/pgd\/wp-content\/uploads\/2024\/12\/pozar_kras_24-5-300x225.jpg 300w, https:\/\/pgd.brezje.si\/pgd\/wp-content\/uploads\/2024\/12\/pozar_kras_24-5-768x576.jpg 768w, https:\/\/pgd.brezje.si\/pgd\/wp-content\/uploads\/2024\/12\/pozar_kras_24-5.jpg 1333w\" sizes=\"auto, (max-width: 1024px) 100vw, 1024px\" \/><\/figure>\n\n\n\n<figure class=\"wp-block-image size-large\"><img loading=\"lazy\" decoding=\"async\" width=\"1024\" height=\"700\" data-id=\"337\" src=\"https:\/\/pgd.brezje.si\/pgd\/wp-content\/uploads\/2024\/12\/pozar_kras_24-6-1024x700.jpg\" alt=\"\" class=\"wp-image-337\" srcset=\"https:\/\/pgd.brezje.si\/pgd\/wp-content\/uploads\/2024\/12\/pozar_kras_24-6-1024x700.jpg 1024w, https:\/\/pgd.brezje.si\/pgd\/wp-content\/uploads\/2024\/12\/pozar_kras_24-6-300x205.jpg 300w, https:\/\/pgd.brezje.si\/pgd\/wp-content\/uploads\/2024\/12\/pozar_kras_24-6-768x525.jpg 768w, https:\/\/pgd.brezje.si\/pgd\/wp-content\/uploads\/2024\/12\/pozar_kras_24-6.jpg 1179w\" sizes=\"auto, (max-width: 1024px) 100vw, 1024px\" \/><\/figure>\n\n\n\n<figure class=\"wp-block-image size-large\"><img loading=\"lazy\" decoding=\"async\" width=\"1024\" height=\"683\" data-id=\"336\" src=\"https:\/\/pgd.brezje.si\/pgd\/wp-content\/uploads\/2024\/12\/pozar_kras_24-7-1024x683.jpg\" alt=\"\" class=\"wp-image-336\" srcset=\"https:\/\/pgd.brezje.si\/pgd\/wp-content\/uploads\/2024\/12\/pozar_kras_24-7-1024x683.jpg 1024w, https:\/\/pgd.brezje.si\/pgd\/wp-content\/uploads\/2024\/12\/pozar_kras_24-7-300x200.jpg 300w, https:\/\/pgd.brezje.si\/pgd\/wp-content\/uploads\/2024\/12\/pozar_kras_24-7-768x512.jpg 768w, https:\/\/pgd.brezje.si\/pgd\/wp-content\/uploads\/2024\/12\/pozar_kras_24-7-1536x1024.jpg 1536w, https:\/\/pgd.brezje.si\/pgd\/wp-content\/uploads\/2024\/12\/pozar_kras_24-7.jpg 1620w\" sizes=\"auto, (max-width: 1024px) 100vw, 1024px\" \/><\/figure>\n\n\n\n<figure class=\"wp-block-image size-large\"><img loading=\"lazy\" decoding=\"async\" width=\"768\" height=\"1024\" data-id=\"339\" src=\"https:\/\/pgd.brezje.si\/pgd\/wp-content\/uploads\/2024\/12\/pozar_kras_24-768x1024.jpg\" alt=\"\" class=\"wp-image-339\" srcset=\"https:\/\/pgd.brezje.si\/pgd\/wp-content\/uploads\/2024\/12\/pozar_kras_24-768x1024.jpg 768w, https:\/\/pgd.brezje.si\/pgd\/wp-content\/uploads\/2024\/12\/pozar_kras_24-225x300.jpg 225w, https:\/\/pgd.brezje.si\/pgd\/wp-content\/uploads\/2024\/12\/pozar_kras_24-1152x1536.jpg 1152w, https:\/\/pgd.brezje.si\/pgd\/wp-content\/uploads\/2024\/12\/pozar_kras_24-1536x2048.jpg 1536w, https:\/\/pgd.brezje.si\/pgd\/wp-content\/uploads\/2024\/12\/pozar_kras_24-scaled.jpg 1920w\" sizes=\"auto, (max-width: 768px) 100vw, 768px\" \/><\/figure>\n<\/figure>\n","protected":false},"excerpt":{"rendered":"<p>Enote GZ Radovljica\ud83d\udcdf, ki so bile aktivirane so prispele na Kras\ud83d\udcaa med njimi tudi 6 na\u0161ih \u010dlanov\ud83e\uddd1\u200d\ud83d\ude92\ud83d\udc68\u200d\ud83d\ude92, ki bodo na terenu aktivni vse do jutri zjutraj\ud83d\ude92\ud83d\udd25 Sre\u010dno ter varno vsem, ki trenutno pomagate na terenu\ud83e\udee1 Po\u017ear je poga\u0161en in nevarnosti je konec\ud83d\udd25 V \u010detrtek smo se odzvali na pomo\u010d\ud83d\udcdf in s \u0161estimi gasilci in GVM-1\ud83d\ude92 [&hellip;]<\/p>\n","protected":false},"author":2,"featured_media":0,"parent":0,"menu_order":0,"comment_status":"closed","ping_status":"closed","template":"","meta":{"footnotes":""},"class_list":["post-334","page","type-page","status-publish","hentry"],"yoast_head":"<!-- This site is optimized with the Yoast SEO plugin v24.3 - https:\/\/yoast.com\/wordpress\/plugins\/seo\/ -->\n<title>Po\u017ear na Krasu 2024 - PGD Brezje na Gorenjskem<\/title>\n<meta name=\"robots\" content=\"index, follow, max-snippet:-1, max-image-preview:large, max-video-preview:-1\" \/>\n<link rel=\"canonical\" href=\"https:\/\/pgd.brezje.si\/pgd\/pozar-na-krasu-2024\/\" \/>\n<meta property=\"og:locale\" content=\"sl_SI\" \/>\n<meta property=\"og:type\" content=\"article\" \/>\n<meta property=\"og:title\" content=\"Po\u017ear na Krasu 2024 - PGD Brezje na Gorenjskem\" \/>\n<meta property=\"og:description\" content=\"Enote GZ Radovljica\ud83d\udcdf, ki so bile aktivirane so prispele na Kras\ud83d\udcaa med njimi tudi 6 na\u0161ih \u010dlanov\ud83e\uddd1\u200d\ud83d\ude92\ud83d\udc68\u200d\ud83d\ude92, ki bodo na terenu aktivni vse do jutri zjutraj\ud83d\ude92\ud83d\udd25 Sre\u010dno ter varno vsem, ki trenutno pomagate na terenu\ud83e\udee1 Po\u017ear je poga\u0161en in nevarnosti je konec\ud83d\udd25 V \u010detrtek smo se odzvali na pomo\u010d\ud83d\udcdf in s \u0161estimi gasilci in GVM-1\ud83d\ude92 [&hellip;]\" \/>\n<meta property=\"og:url\" content=\"https:\/\/pgd.brezje.si\/pgd\/pozar-na-krasu-2024\/\" \/>\n<meta property=\"og:site_name\" content=\"PGD Brezje na Gorenjskem\" \/>\n<meta property=\"article:publisher\" content=\"https:\/\/www.facebook.com\/pgdbrezjemladina\" \/>\n<meta property=\"og:image\" content=\"https:\/\/pgd.brezje.si\/pgd\/wp-content\/uploads\/2024\/12\/pozar_kras_24-2-scaled.jpg\" \/>\n\t<meta property=\"og:image:width\" content=\"2560\" \/>\n\t<meta property=\"og:image:height\" content=\"1920\" \/>\n\t<meta property=\"og:image:type\" content=\"image\/jpeg\" \/>\n<meta name=\"twitter:card\" content=\"summary_large_image\" \/>\n<meta name=\"twitter:label1\" content=\"Est. reading time\" \/>\n\t<meta name=\"twitter:data1\" content=\"1 minuta\" \/>\n<script type=\"application\/ld+json\" class=\"yoast-schema-graph\">{\"@context\":\"https:\/\/schema.org\",\"@graph\":[{\"@type\":\"WebPage\",\"@id\":\"https:\/\/pgd.brezje.si\/pgd\/pozar-na-krasu-2024\/\",\"url\":\"https:\/\/pgd.brezje.si\/pgd\/pozar-na-krasu-2024\/\",\"name\":\"Po\u017ear na Krasu 2024 - PGD Brezje na Gorenjskem\",\"isPartOf\":{\"@id\":\"https:\/\/pgd.brezje.si\/pgd\/#website\"},\"primaryImageOfPage\":{\"@id\":\"https:\/\/pgd.brezje.si\/pgd\/pozar-na-krasu-2024\/#primaryimage\"},\"image\":{\"@id\":\"https:\/\/pgd.brezje.si\/pgd\/pozar-na-krasu-2024\/#primaryimage\"},\"thumbnailUrl\":\"https:\/\/pgd.brezje.si\/pgd\/wp-content\/uploads\/2024\/12\/pozar_kras_24-2-1024x768.jpg\",\"datePublished\":\"2024-12-09T13:02:11+00:00\",\"dateModified\":\"2024-12-09T13:02:11+00:00\",\"breadcrumb\":{\"@id\":\"https:\/\/pgd.brezje.si\/pgd\/pozar-na-krasu-2024\/#breadcrumb\"},\"inLanguage\":\"sl-SI\",\"potentialAction\":[{\"@type\":\"ReadAction\",\"target\":[\"https:\/\/pgd.brezje.si\/pgd\/pozar-na-krasu-2024\/\"]}]},{\"@type\":\"ImageObject\",\"inLanguage\":\"sl-SI\",\"@id\":\"https:\/\/pgd.brezje.si\/pgd\/pozar-na-krasu-2024\/#primaryimage\",\"url\":\"https:\/\/pgd.brezje.si\/pgd\/wp-content\/uploads\/2024\/12\/pozar_kras_24-2-scaled.jpg\",\"contentUrl\":\"https:\/\/pgd.brezje.si\/pgd\/wp-content\/uploads\/2024\/12\/pozar_kras_24-2-scaled.jpg\",\"width\":2560,\"height\":1920},{\"@type\":\"BreadcrumbList\",\"@id\":\"https:\/\/pgd.brezje.si\/pgd\/pozar-na-krasu-2024\/#breadcrumb\",\"itemListElement\":[{\"@type\":\"ListItem\",\"position\":1,\"name\":\"Home\",\"item\":\"https:\/\/pgd.brezje.si\/pgd\/\"},{\"@type\":\"ListItem\",\"position\":2,\"name\":\"Po\u017ear na Krasu 2024\"}]},{\"@type\":\"WebSite\",\"@id\":\"https:\/\/pgd.brezje.si\/pgd\/#website\",\"url\":\"https:\/\/pgd.brezje.si\/pgd\/\",\"name\":\"PGD Brezje na Gorenjskem\",\"description\":\"Obmo\u010dje delovanja KS Brezje: Brezje, \u010crnivec, No\u0161e, Dobro Polje, Malo Dobro Polje - skupno 919 prebivalcev\",\"publisher\":{\"@id\":\"https:\/\/pgd.brezje.si\/pgd\/#organization\"},\"potentialAction\":[{\"@type\":\"SearchAction\",\"target\":{\"@type\":\"EntryPoint\",\"urlTemplate\":\"https:\/\/pgd.brezje.si\/pgd\/?s={search_term_string}\"},\"query-input\":{\"@type\":\"PropertyValueSpecification\",\"valueRequired\":true,\"valueName\":\"search_term_string\"}}],\"inLanguage\":\"sl-SI\"},{\"@type\":\"Organization\",\"@id\":\"https:\/\/pgd.brezje.si\/pgd\/#organization\",\"name\":\"PGD Brezje na Gorenjskem\",\"url\":\"https:\/\/pgd.brezje.si\/pgd\/\",\"logo\":{\"@type\":\"ImageObject\",\"inLanguage\":\"sl-SI\",\"@id\":\"https:\/\/pgd.brezje.si\/pgd\/#\/schema\/logo\/image\/\",\"url\":\"https:\/\/pgd.brezje.si\/pgd\/wp-content\/uploads\/2024\/12\/PGD_Brezje_logo_col.png\",\"contentUrl\":\"https:\/\/pgd.brezje.si\/pgd\/wp-content\/uploads\/2024\/12\/PGD_Brezje_logo_col.png\",\"width\":2208,\"height\":2208,\"caption\":\"PGD Brezje na Gorenjskem\"},\"image\":{\"@id\":\"https:\/\/pgd.brezje.si\/pgd\/#\/schema\/logo\/image\/\"},\"sameAs\":[\"https:\/\/www.facebook.com\/pgdbrezjemladina\",\"https:\/\/www.instagram.com\/pgdbrezje\/\"]}]}<\/script>\n<!-- \/ Yoast SEO plugin. -->","yoast_head_json":{"title":"Po\u017ear na Krasu 2024 - PGD Brezje na Gorenjskem","robots":{"index":"index","follow":"follow","max-snippet":"max-snippet:-1","max-image-preview":"max-image-preview:large","max-video-preview":"max-video-preview:-1"},"canonical":"https:\/\/pgd.brezje.si\/pgd\/pozar-na-krasu-2024\/","og_locale":"sl_SI","og_type":"article","og_title":"Po\u017ear na Krasu 2024 - PGD Brezje na Gorenjskem","og_description":"Enote GZ Radovljica\ud83d\udcdf, ki so bile aktivirane so prispele na Kras\ud83d\udcaa med njimi tudi 6 na\u0161ih \u010dlanov\ud83e\uddd1\u200d\ud83d\ude92\ud83d\udc68\u200d\ud83d\ude92, ki bodo na terenu aktivni vse do jutri zjutraj\ud83d\ude92\ud83d\udd25 Sre\u010dno ter varno vsem, ki trenutno pomagate na terenu\ud83e\udee1 Po\u017ear je poga\u0161en in nevarnosti je konec\ud83d\udd25 V \u010detrtek smo se odzvali na pomo\u010d\ud83d\udcdf in s \u0161estimi gasilci in GVM-1\ud83d\ude92 [&hellip;]","og_url":"https:\/\/pgd.brezje.si\/pgd\/pozar-na-krasu-2024\/","og_site_name":"PGD Brezje na Gorenjskem","article_publisher":"https:\/\/www.facebook.com\/pgdbrezjemladina","og_image":[{"width":2560,"height":1920,"url":"https:\/\/pgd.brezje.si\/pgd\/wp-content\/uploads\/2024\/12\/pozar_kras_24-2-scaled.jpg","type":"image\/jpeg"}],"twitter_card":"summary_large_image","twitter_misc":{"Est. reading time":"1 minuta"},"schema":{"@context":"https:\/\/schema.org","@graph":[{"@type":"WebPage","@id":"https:\/\/pgd.brezje.si\/pgd\/pozar-na-krasu-2024\/","url":"https:\/\/pgd.brezje.si\/pgd\/pozar-na-krasu-2024\/","name":"Po\u017ear na Krasu 2024 - PGD Brezje na Gorenjskem","isPartOf":{"@id":"https:\/\/pgd.brezje.si\/pgd\/#website"},"primaryImageOfPage":{"@id":"https:\/\/pgd.brezje.si\/pgd\/pozar-na-krasu-2024\/#primaryimage"},"image":{"@id":"https:\/\/pgd.brezje.si\/pgd\/pozar-na-krasu-2024\/#primaryimage"},"thumbnailUrl":"https:\/\/pgd.brezje.si\/pgd\/wp-content\/uploads\/2024\/12\/pozar_kras_24-2-1024x768.jpg","datePublished":"2024-12-09T13:02:11+00:00","dateModified":"2024-12-09T13:02:11+00:00","breadcrumb":{"@id":"https:\/\/pgd.brezje.si\/pgd\/pozar-na-krasu-2024\/#breadcrumb"},"inLanguage":"sl-SI","potentialAction":[{"@type":"ReadAction","target":["https:\/\/pgd.brezje.si\/pgd\/pozar-na-krasu-2024\/"]}]},{"@type":"ImageObject","inLanguage":"sl-SI","@id":"https:\/\/pgd.brezje.si\/pgd\/pozar-na-krasu-2024\/#primaryimage","url":"https:\/\/pgd.brezje.si\/pgd\/wp-content\/uploads\/2024\/12\/pozar_kras_24-2-scaled.jpg","contentUrl":"https:\/\/pgd.brezje.si\/pgd\/wp-content\/uploads\/2024\/12\/pozar_kras_24-2-scaled.jpg","width":2560,"height":1920},{"@type":"BreadcrumbList","@id":"https:\/\/pgd.brezje.si\/pgd\/pozar-na-krasu-2024\/#breadcrumb","itemListElement":[{"@type":"ListItem","position":1,"name":"Home","item":"https:\/\/pgd.brezje.si\/pgd\/"},{"@type":"ListItem","position":2,"name":"Po\u017ear na Krasu 2024"}]},{"@type":"WebSite","@id":"https:\/\/pgd.brezje.si\/pgd\/#website","url":"https:\/\/pgd.brezje.si\/pgd\/","name":"PGD Brezje na Gorenjskem","description":"Obmo\u010dje delovanja KS Brezje: Brezje, \u010crnivec, No\u0161e, Dobro Polje, Malo Dobro Polje - skupno 919 prebivalcev","publisher":{"@id":"https:\/\/pgd.brezje.si\/pgd\/#organization"},"potentialAction":[{"@type":"SearchAction","target":{"@type":"EntryPoint","urlTemplate":"https:\/\/pgd.brezje.si\/pgd\/?s={search_term_string}"},"query-input":{"@type":"PropertyValueSpecification","valueRequired":true,"valueName":"search_term_string"}}],"inLanguage":"sl-SI"},{"@type":"Organization","@id":"https:\/\/pgd.brezje.si\/pgd\/#organization","name":"PGD Brezje na Gorenjskem","url":"https:\/\/pgd.brezje.si\/pgd\/","logo":{"@type":"ImageObject","inLanguage":"sl-SI","@id":"https:\/\/pgd.brezje.si\/pgd\/#\/schema\/logo\/image\/","url":"https:\/\/pgd.brezje.si\/pgd\/wp-content\/uploads\/2024\/12\/PGD_Brezje_logo_col.png","contentUrl":"https:\/\/pgd.brezje.si\/pgd\/wp-content\/uploads\/2024\/12\/PGD_Brezje_logo_col.png","width":2208,"height":2208,"caption":"PGD Brezje na Gorenjskem"},"image":{"@id":"https:\/\/pgd.brezje.si\/pgd\/#\/schema\/logo\/image\/"},"sameAs":["https:\/\/www.facebook.com\/pgdbrezjemladina","https:\/\/www.instagram.com\/pgdbrezje\/"]}]}},"_links":{"self":[{"href":"https:\/\/pgd.brezje.si\/pgd\/wp-json\/wp\/v2\/pages\/334","targetHints":{"allow":["GET"]}}],"collection":[{"href":"https:\/\/pgd.brezje.si\/pgd\/wp-json\/wp\/v2\/pages"}],"about":[{"href":"https:\/\/pgd.brezje.si\/pgd\/wp-json\/wp\/v2\/types\/page"}],"author":[{"embeddable":true,"href":"https:\/\/pgd.brezje.si\/pgd\/wp-json\/wp\/v2\/users\/2"}],"replies":[{"embeddable":true,"href":"https:\/\/pgd.brezje.si\/pgd\/wp-json\/wp\/v2\/comments?post=334"}],"version-history":[{"count":1,"href":"https:\/\/pgd.brezje.si\/pgd\/wp-json\/wp\/v2\/pages\/334\/revisions"}],"predecessor-version":[{"id":343,"href":"https:\/\/pgd.brezje.si\/pgd\/wp-json\/wp\/v2\/pages\/334\/revisions\/343"}],"wp:attachment":[{"href":"https:\/\/pgd.brezje.si\/pgd\/wp-json\/wp\/v2\/media?parent=334"}],"curies":[{"name":"wp","href":"https:\/\/api.w.org\/{rel}","templated":true}]}}