{"id":18,"date":"2024-12-08T12:40:28","date_gmt":"2024-12-08T12:40:28","guid":{"rendered":"https:\/\/pgd.brezje.si\/pgd\/?page_id=18"},"modified":"2024-12-08T16:14:43","modified_gmt":"2024-12-08T16:14:43","slug":"kontakt","status":"publish","type":"page","link":"https:\/\/pgd.brezje.si\/pgd\/kontakt\/","title":{"rendered":"Kontakt"},"content":{"rendered":"\n<div class=\"wp-block-cover alignwide\"><span aria-hidden=\"true\" class=\"wp-block-cover__background has-background-dim\"><\/span><img loading=\"lazy\" decoding=\"async\" width=\"1024\" height=\"683\" class=\"wp-block-cover__image-background wp-image-130\" alt=\"\" src=\"https:\/\/pgd.brezje.si\/pgd\/wp-content\/uploads\/2024\/12\/pgd_brezje_zastava-1-1024x683.jpg\" data-object-fit=\"cover\" srcset=\"https:\/\/pgd.brezje.si\/pgd\/wp-content\/uploads\/2024\/12\/pgd_brezje_zastava-1-1024x683.jpg 1024w, https:\/\/pgd.brezje.si\/pgd\/wp-content\/uploads\/2024\/12\/pgd_brezje_zastava-1-300x200.jpg 300w, https:\/\/pgd.brezje.si\/pgd\/wp-content\/uploads\/2024\/12\/pgd_brezje_zastava-1-768x512.jpg 768w, https:\/\/pgd.brezje.si\/pgd\/wp-content\/uploads\/2024\/12\/pgd_brezje_zastava-1-1536x1024.jpg 1536w, https:\/\/pgd.brezje.si\/pgd\/wp-content\/uploads\/2024\/12\/pgd_brezje_zastava-1-2048x1365.jpg 2048w\" sizes=\"auto, (max-width: 1024px) 100vw, 1024px\" \/><div class=\"wp-block-cover__inner-container is-layout-flow wp-block-cover-is-layout-flow\">\n<h2 class=\"wp-block-heading alignwide has-text-align-center\" id=\"we-re-a-studio-in-berlin-with-an-international-practice-in-architecture-urban-planning-and-interior-design-we-believe-in-sharing-knowledge-and-promoting-dialogue-to-increase-the-creative-potential-of-collaboration\" style=\"font-size:clamp(27.894px, 1.743rem + ((1vw - 3.2px) * 2.094), 48px);line-height:1.1\"><img loading=\"lazy\" decoding=\"async\" width=\"40\" height=\"40\" class=\"wp-image-140\" style=\"width: 40px;\" src=\"https:\/\/pgd.brezje.si\/pgd\/wp-content\/uploads\/2024\/12\/mail.png\" alt=\"\" srcset=\"https:\/\/pgd.brezje.si\/pgd\/wp-content\/uploads\/2024\/12\/mail.png 1867w, https:\/\/pgd.brezje.si\/pgd\/wp-content\/uploads\/2024\/12\/mail-300x300.png 300w, https:\/\/pgd.brezje.si\/pgd\/wp-content\/uploads\/2024\/12\/mail-1024x1024.png 1024w, https:\/\/pgd.brezje.si\/pgd\/wp-content\/uploads\/2024\/12\/mail-150x150.png 150w, https:\/\/pgd.brezje.si\/pgd\/wp-content\/uploads\/2024\/12\/mail-768x768.png 768w, https:\/\/pgd.brezje.si\/pgd\/wp-content\/uploads\/2024\/12\/mail-1536x1536.png 1536w\" sizes=\"auto, (max-width: 40px) 100vw, 40px\" \/> <a href=\"mailto:pgd@brezje.si\"><mark style=\"background-color:rgba(0, 0, 0, 0)\" class=\"has-inline-color has-base-2-color\">pgd@brezje.si<\/mark><\/a><\/h2>\n\n\n\n<h2 class=\"wp-block-heading has-text-align-center\"><img loading=\"lazy\" decoding=\"async\" width=\"40\" height=\"40\" class=\"wp-image-138\" style=\"width: 40px;\" src=\"https:\/\/pgd.brezje.si\/pgd\/wp-content\/uploads\/2024\/12\/phone.png\" alt=\"\" srcset=\"https:\/\/pgd.brezje.si\/pgd\/wp-content\/uploads\/2024\/12\/phone.png 2134w, https:\/\/pgd.brezje.si\/pgd\/wp-content\/uploads\/2024\/12\/phone-300x300.png 300w, https:\/\/pgd.brezje.si\/pgd\/wp-content\/uploads\/2024\/12\/phone-1024x1024.png 1024w, https:\/\/pgd.brezje.si\/pgd\/wp-content\/uploads\/2024\/12\/phone-150x150.png 150w, https:\/\/pgd.brezje.si\/pgd\/wp-content\/uploads\/2024\/12\/phone-768x768.png 768w, https:\/\/pgd.brezje.si\/pgd\/wp-content\/uploads\/2024\/12\/phone-1536x1536.png 1536w, https:\/\/pgd.brezje.si\/pgd\/wp-content\/uploads\/2024\/12\/phone-2048x2048.png 2048w\" sizes=\"auto, (max-width: 40px) 100vw, 40px\" \/> <a href=\"tel:031657448\"><mark style=\"background-color:rgba(0, 0, 0, 0)\" class=\"has-inline-color has-base-2-color\">031 657 448<\/mark><\/a><\/h2>\n\n\n\n<h2 class=\"wp-block-heading has-text-align-center\"><img loading=\"lazy\" decoding=\"async\" width=\"40\" height=\"35\" class=\"wp-image-137\" style=\"width: 40px;\" src=\"https:\/\/pgd.brezje.si\/pgd\/wp-content\/uploads\/2024\/12\/map.png\" alt=\"\" srcset=\"https:\/\/pgd.brezje.si\/pgd\/wp-content\/uploads\/2024\/12\/map.png 2400w, https:\/\/pgd.brezje.si\/pgd\/wp-content\/uploads\/2024\/12\/map-300x263.png 300w, https:\/\/pgd.brezje.si\/pgd\/wp-content\/uploads\/2024\/12\/map-1024x897.png 1024w, https:\/\/pgd.brezje.si\/pgd\/wp-content\/uploads\/2024\/12\/map-768x673.png 768w, https:\/\/pgd.brezje.si\/pgd\/wp-content\/uploads\/2024\/12\/map-1536x1346.png 1536w, https:\/\/pgd.brezje.si\/pgd\/wp-content\/uploads\/2024\/12\/map-2048x1795.png 2048w\" sizes=\"auto, (max-width: 40px) 100vw, 40px\" \/> <a href=\"https:\/\/maps.app.goo.gl\/xy1JtrWCjZTKmtLk9\" data-type=\"link\" data-id=\"https:\/\/maps.app.goo.gl\/xy1JtrWCjZTKmtLk9\"><mark style=\"background-color:rgba(0, 0, 0, 0)\" class=\"has-inline-color has-base-2-color\">Brezje 80 B, 4243 Brezje<\/mark><\/a><\/h2>\n<\/div><\/div>\n\n\n\n<p><strong>Prostovoljno gasilsko dru\u0161tvo Brezje na Gorenjskem<\/strong><\/p>\n\n\n\n<p>Brezje 80B<\/p>\n\n\n\n<p>4243 Brezje<\/p>\n\n\n\n<p>Dav\u010dna \u0161tevilka: 88885143<\/p>\n\n\n\n<p>Mati\u010dna \u0160tevilka: 5161665000<\/p>\n\n\n\n<p>TRR Ra\u010dun: SI56 0700 0000 0481 889<\/p>\n\n\n\n<p>Zakoniti zastopnik: Vilfan Robert<\/p>\n\n\n\n<div class=\"wp-block-group has-global-padding is-layout-constrained wp-block-group-is-layout-constrained\">\n<p><strong>Predsednik<\/strong><\/p>\n\n\n<div class=\"wp-block-avatar\"><img alt='Prostovoljno gasilsko dru\u0161tvo Brezje - prikazna slika' src='https:\/\/secure.gravatar.com\/avatar\/5a722aca86bc5b1bddda44f78f8d610bf01df6d55663aa43d1015e11d94e0c90?s=96&#038;d=mm&#038;r=g' srcset='https:\/\/secure.gravatar.com\/avatar\/5a722aca86bc5b1bddda44f78f8d610bf01df6d55663aa43d1015e11d94e0c90?s=192&#038;d=mm&#038;r=g 2x' class='avatar avatar-96 photo wp-block-avatar__image' height='96' width='96' \/><\/div>\n\n\n<p>Robert Vilfan<\/p>\n\n\n\n<p><a href=\"mailto:vilfanr@gmail.com\">vilfanr@gmail.com<\/a><\/p>\n\n\n\n<p><a href=\"tel:041648838\">041 648 838<\/a><\/p>\n<\/div>\n\n\n\n<div class=\"wp-block-group has-global-padding is-layout-constrained wp-block-group-is-layout-constrained\">\n<p><strong>Poveljnik<\/strong><\/p>\n\n\n<div class=\"wp-block-avatar\"><img alt='Prostovoljno gasilsko dru\u0161tvo Brezje - prikazna slika' src='https:\/\/secure.gravatar.com\/avatar\/5a722aca86bc5b1bddda44f78f8d610bf01df6d55663aa43d1015e11d94e0c90?s=96&#038;d=mm&#038;r=g' srcset='https:\/\/secure.gravatar.com\/avatar\/5a722aca86bc5b1bddda44f78f8d610bf01df6d55663aa43d1015e11d94e0c90?s=192&#038;d=mm&#038;r=g 2x' class='avatar avatar-96 photo wp-block-avatar__image' height='96' width='96' \/><\/div>\n\n\n<p>Grega Grilc<\/p>\n\n\n\n<p><a href=\"mailto:poveljnikpgd@brezje.si\">poveljnikpgd@brezje.si<\/a><\/p>\n\n\n\n<p><a href=\"tel:031657448\">031 657 448<\/a><\/p>\n<\/div>\n\n\n\n<div class=\"wp-block-group has-global-padding is-layout-constrained wp-block-group-is-layout-constrained\">\n<p><strong>Tajnik<\/strong><\/p>\n\n\n<div class=\"wp-block-avatar\"><img alt='Prostovoljno gasilsko dru\u0161tvo Brezje - prikazna slika' src='https:\/\/secure.gravatar.com\/avatar\/5a722aca86bc5b1bddda44f78f8d610bf01df6d55663aa43d1015e11d94e0c90?s=96&#038;d=mm&#038;r=g' srcset='https:\/\/secure.gravatar.com\/avatar\/5a722aca86bc5b1bddda44f78f8d610bf01df6d55663aa43d1015e11d94e0c90?s=192&#038;d=mm&#038;r=g 2x' class='avatar avatar-96 photo wp-block-avatar__image' height='96' width='96' \/><\/div>\n\n\n<p>Jakob Remar<\/p>\n\n\n\n<p><a href=\"mailto:jakob.remar@gmail.com\">jakob.remar@gmail.com<\/a><\/p>\n\n\n\n<p><a href=\"tel:070731423\">070731423<\/a><\/p>\n<\/div>\n\n\n\n<p><\/p>\n\n\n\n<p><\/p>\n","protected":false},"excerpt":{"rendered":"<p>Prostovoljno gasilsko dru\u0161tvo Brezje na Gorenjskem Brezje 80B 4243 Brezje Dav\u010dna \u0161tevilka: 88885143 Mati\u010dna \u0160tevilka: 5161665000 TRR Ra\u010dun: SI56 0700 0000 0481 889 Zakoniti zastopnik: Vilfan Robert Predsednik Robert Vilfan vilfanr@gmail.com 041 648 838 Poveljnik Grega Grilc poveljnikpgd@brezje.si 031 657 448 Tajnik Jakob Remar jakob.remar@gmail.com 070731423<\/p>\n","protected":false},"author":2,"featured_media":0,"parent":0,"menu_order":0,"comment_status":"closed","ping_status":"closed","template":"","meta":{"footnotes":""},"class_list":["post-18","page","type-page","status-publish","hentry"],"yoast_head":"<!-- This site is optimized with the Yoast SEO plugin v24.3 - https:\/\/yoast.com\/wordpress\/plugins\/seo\/ -->\n<title>Kontakt - PGD Brezje na Gorenjskem<\/title>\n<meta name=\"robots\" content=\"index, follow, max-snippet:-1, max-image-preview:large, max-video-preview:-1\" \/>\n<link rel=\"canonical\" href=\"https:\/\/pgd.brezje.si\/pgd\/kontakt\/\" \/>\n<meta property=\"og:locale\" content=\"sl_SI\" \/>\n<meta property=\"og:type\" content=\"article\" \/>\n<meta property=\"og:title\" content=\"Kontakt - PGD Brezje na Gorenjskem\" \/>\n<meta property=\"og:description\" content=\"Prostovoljno gasilsko dru\u0161tvo Brezje na Gorenjskem Brezje 80B 4243 Brezje Dav\u010dna \u0161tevilka: 88885143 Mati\u010dna \u0160tevilka: 5161665000 TRR Ra\u010dun: SI56 0700 0000 0481 889 Zakoniti zastopnik: Vilfan Robert Predsednik Robert Vilfan vilfanr@gmail.com 041 648 838 Poveljnik Grega Grilc poveljnikpgd@brezje.si 031 657 448 Tajnik Jakob Remar jakob.remar@gmail.com 070731423\" \/>\n<meta property=\"og:url\" content=\"https:\/\/pgd.brezje.si\/pgd\/kontakt\/\" \/>\n<meta property=\"og:site_name\" content=\"PGD Brezje na Gorenjskem\" \/>\n<meta property=\"article:publisher\" content=\"https:\/\/www.facebook.com\/pgdbrezjemladina\" \/>\n<meta property=\"article:modified_time\" content=\"2024-12-08T16:14:43+00:00\" \/>\n<meta property=\"og:image\" content=\"https:\/\/pgd.brezje.si\/pgd\/wp-content\/uploads\/2024\/12\/pgd_brezje_zastava-1-scaled.jpg\" \/>\n\t<meta property=\"og:image:width\" content=\"2560\" \/>\n\t<meta property=\"og:image:height\" content=\"1706\" \/>\n\t<meta property=\"og:image:type\" content=\"image\/jpeg\" \/>\n<meta name=\"twitter:card\" content=\"summary_large_image\" \/>\n<script type=\"application\/ld+json\" class=\"yoast-schema-graph\">{\"@context\":\"https:\/\/schema.org\",\"@graph\":[{\"@type\":\"WebPage\",\"@id\":\"https:\/\/pgd.brezje.si\/pgd\/kontakt\/\",\"url\":\"https:\/\/pgd.brezje.si\/pgd\/kontakt\/\",\"name\":\"Kontakt - PGD Brezje na Gorenjskem\",\"isPartOf\":{\"@id\":\"https:\/\/pgd.brezje.si\/pgd\/#website\"},\"primaryImageOfPage\":{\"@id\":\"https:\/\/pgd.brezje.si\/pgd\/kontakt\/#primaryimage\"},\"image\":{\"@id\":\"https:\/\/pgd.brezje.si\/pgd\/kontakt\/#primaryimage\"},\"thumbnailUrl\":\"https:\/\/pgd.brezje.si\/pgd\/wp-content\/uploads\/2024\/12\/pgd_brezje_zastava-1-1024x683.jpg\",\"datePublished\":\"2024-12-08T12:40:28+00:00\",\"dateModified\":\"2024-12-08T16:14:43+00:00\",\"breadcrumb\":{\"@id\":\"https:\/\/pgd.brezje.si\/pgd\/kontakt\/#breadcrumb\"},\"inLanguage\":\"sl-SI\",\"potentialAction\":[{\"@type\":\"ReadAction\",\"target\":[\"https:\/\/pgd.brezje.si\/pgd\/kontakt\/\"]}]},{\"@type\":\"ImageObject\",\"inLanguage\":\"sl-SI\",\"@id\":\"https:\/\/pgd.brezje.si\/pgd\/kontakt\/#primaryimage\",\"url\":\"https:\/\/pgd.brezje.si\/pgd\/wp-content\/uploads\/2024\/12\/pgd_brezje_zastava-1-scaled.jpg\",\"contentUrl\":\"https:\/\/pgd.brezje.si\/pgd\/wp-content\/uploads\/2024\/12\/pgd_brezje_zastava-1-scaled.jpg\",\"width\":2560,\"height\":1706},{\"@type\":\"BreadcrumbList\",\"@id\":\"https:\/\/pgd.brezje.si\/pgd\/kontakt\/#breadcrumb\",\"itemListElement\":[{\"@type\":\"ListItem\",\"position\":1,\"name\":\"Home\",\"item\":\"https:\/\/pgd.brezje.si\/pgd\/\"},{\"@type\":\"ListItem\",\"position\":2,\"name\":\"Kontakt\"}]},{\"@type\":\"WebSite\",\"@id\":\"https:\/\/pgd.brezje.si\/pgd\/#website\",\"url\":\"https:\/\/pgd.brezje.si\/pgd\/\",\"name\":\"PGD Brezje na Gorenjskem\",\"description\":\"Obmo\u010dje delovanja KS Brezje: Brezje, \u010crnivec, No\u0161e, Dobro Polje, Malo Dobro Polje - skupno 919 prebivalcev\",\"publisher\":{\"@id\":\"https:\/\/pgd.brezje.si\/pgd\/#organization\"},\"potentialAction\":[{\"@type\":\"SearchAction\",\"target\":{\"@type\":\"EntryPoint\",\"urlTemplate\":\"https:\/\/pgd.brezje.si\/pgd\/?s={search_term_string}\"},\"query-input\":{\"@type\":\"PropertyValueSpecification\",\"valueRequired\":true,\"valueName\":\"search_term_string\"}}],\"inLanguage\":\"sl-SI\"},{\"@type\":\"Organization\",\"@id\":\"https:\/\/pgd.brezje.si\/pgd\/#organization\",\"name\":\"PGD Brezje na Gorenjskem\",\"url\":\"https:\/\/pgd.brezje.si\/pgd\/\",\"logo\":{\"@type\":\"ImageObject\",\"inLanguage\":\"sl-SI\",\"@id\":\"https:\/\/pgd.brezje.si\/pgd\/#\/schema\/logo\/image\/\",\"url\":\"https:\/\/pgd.brezje.si\/pgd\/wp-content\/uploads\/2024\/12\/PGD_Brezje_logo_col.png\",\"contentUrl\":\"https:\/\/pgd.brezje.si\/pgd\/wp-content\/uploads\/2024\/12\/PGD_Brezje_logo_col.png\",\"width\":2208,\"height\":2208,\"caption\":\"PGD Brezje na Gorenjskem\"},\"image\":{\"@id\":\"https:\/\/pgd.brezje.si\/pgd\/#\/schema\/logo\/image\/\"},\"sameAs\":[\"https:\/\/www.facebook.com\/pgdbrezjemladina\",\"https:\/\/www.instagram.com\/pgdbrezje\/\"]}]}<\/script>\n<!-- \/ Yoast SEO plugin. -->","yoast_head_json":{"title":"Kontakt - PGD Brezje na Gorenjskem","robots":{"index":"index","follow":"follow","max-snippet":"max-snippet:-1","max-image-preview":"max-image-preview:large","max-video-preview":"max-video-preview:-1"},"canonical":"https:\/\/pgd.brezje.si\/pgd\/kontakt\/","og_locale":"sl_SI","og_type":"article","og_title":"Kontakt - PGD Brezje na Gorenjskem","og_description":"Prostovoljno gasilsko dru\u0161tvo Brezje na Gorenjskem Brezje 80B 4243 Brezje Dav\u010dna \u0161tevilka: 88885143 Mati\u010dna \u0160tevilka: 5161665000 TRR Ra\u010dun: SI56 0700 0000 0481 889 Zakoniti zastopnik: Vilfan Robert Predsednik Robert Vilfan vilfanr@gmail.com 041 648 838 Poveljnik Grega Grilc poveljnikpgd@brezje.si 031 657 448 Tajnik Jakob Remar jakob.remar@gmail.com 070731423","og_url":"https:\/\/pgd.brezje.si\/pgd\/kontakt\/","og_site_name":"PGD Brezje na Gorenjskem","article_publisher":"https:\/\/www.facebook.com\/pgdbrezjemladina","article_modified_time":"2024-12-08T16:14:43+00:00","og_image":[{"width":2560,"height":1706,"url":"https:\/\/pgd.brezje.si\/pgd\/wp-content\/uploads\/2024\/12\/pgd_brezje_zastava-1-scaled.jpg","type":"image\/jpeg"}],"twitter_card":"summary_large_image","schema":{"@context":"https:\/\/schema.org","@graph":[{"@type":"WebPage","@id":"https:\/\/pgd.brezje.si\/pgd\/kontakt\/","url":"https:\/\/pgd.brezje.si\/pgd\/kontakt\/","name":"Kontakt - PGD Brezje na Gorenjskem","isPartOf":{"@id":"https:\/\/pgd.brezje.si\/pgd\/#website"},"primaryImageOfPage":{"@id":"https:\/\/pgd.brezje.si\/pgd\/kontakt\/#primaryimage"},"image":{"@id":"https:\/\/pgd.brezje.si\/pgd\/kontakt\/#primaryimage"},"thumbnailUrl":"https:\/\/pgd.brezje.si\/pgd\/wp-content\/uploads\/2024\/12\/pgd_brezje_zastava-1-1024x683.jpg","datePublished":"2024-12-08T12:40:28+00:00","dateModified":"2024-12-08T16:14:43+00:00","breadcrumb":{"@id":"https:\/\/pgd.brezje.si\/pgd\/kontakt\/#breadcrumb"},"inLanguage":"sl-SI","potentialAction":[{"@type":"ReadAction","target":["https:\/\/pgd.brezje.si\/pgd\/kontakt\/"]}]},{"@type":"ImageObject","inLanguage":"sl-SI","@id":"https:\/\/pgd.brezje.si\/pgd\/kontakt\/#primaryimage","url":"https:\/\/pgd.brezje.si\/pgd\/wp-content\/uploads\/2024\/12\/pgd_brezje_zastava-1-scaled.jpg","contentUrl":"https:\/\/pgd.brezje.si\/pgd\/wp-content\/uploads\/2024\/12\/pgd_brezje_zastava-1-scaled.jpg","width":2560,"height":1706},{"@type":"BreadcrumbList","@id":"https:\/\/pgd.brezje.si\/pgd\/kontakt\/#breadcrumb","itemListElement":[{"@type":"ListItem","position":1,"name":"Home","item":"https:\/\/pgd.brezje.si\/pgd\/"},{"@type":"ListItem","position":2,"name":"Kontakt"}]},{"@type":"WebSite","@id":"https:\/\/pgd.brezje.si\/pgd\/#website","url":"https:\/\/pgd.brezje.si\/pgd\/","name":"PGD Brezje na Gorenjskem","description":"Obmo\u010dje delovanja KS Brezje: Brezje, \u010crnivec, No\u0161e, Dobro Polje, Malo Dobro Polje - skupno 919 prebivalcev","publisher":{"@id":"https:\/\/pgd.brezje.si\/pgd\/#organization"},"potentialAction":[{"@type":"SearchAction","target":{"@type":"EntryPoint","urlTemplate":"https:\/\/pgd.brezje.si\/pgd\/?s={search_term_string}"},"query-input":{"@type":"PropertyValueSpecification","valueRequired":true,"valueName":"search_term_string"}}],"inLanguage":"sl-SI"},{"@type":"Organization","@id":"https:\/\/pgd.brezje.si\/pgd\/#organization","name":"PGD Brezje na Gorenjskem","url":"https:\/\/pgd.brezje.si\/pgd\/","logo":{"@type":"ImageObject","inLanguage":"sl-SI","@id":"https:\/\/pgd.brezje.si\/pgd\/#\/schema\/logo\/image\/","url":"https:\/\/pgd.brezje.si\/pgd\/wp-content\/uploads\/2024\/12\/PGD_Brezje_logo_col.png","contentUrl":"https:\/\/pgd.brezje.si\/pgd\/wp-content\/uploads\/2024\/12\/PGD_Brezje_logo_col.png","width":2208,"height":2208,"caption":"PGD Brezje na Gorenjskem"},"image":{"@id":"https:\/\/pgd.brezje.si\/pgd\/#\/schema\/logo\/image\/"},"sameAs":["https:\/\/www.facebook.com\/pgdbrezjemladina","https:\/\/www.instagram.com\/pgdbrezje\/"]}]}},"_links":{"self":[{"href":"https:\/\/pgd.brezje.si\/pgd\/wp-json\/wp\/v2\/pages\/18","targetHints":{"allow":["GET"]}}],"collection":[{"href":"https:\/\/pgd.brezje.si\/pgd\/wp-json\/wp\/v2\/pages"}],"about":[{"href":"https:\/\/pgd.brezje.si\/pgd\/wp-json\/wp\/v2\/types\/page"}],"author":[{"embeddable":true,"href":"https:\/\/pgd.brezje.si\/pgd\/wp-json\/wp\/v2\/users\/2"}],"replies":[{"embeddable":true,"href":"https:\/\/pgd.brezje.si\/pgd\/wp-json\/wp\/v2\/comments?post=18"}],"version-history":[{"count":12,"href":"https:\/\/pgd.brezje.si\/pgd\/wp-json\/wp\/v2\/pages\/18\/revisions"}],"predecessor-version":[{"id":148,"href":"https:\/\/pgd.brezje.si\/pgd\/wp-json\/wp\/v2\/pages\/18\/revisions\/148"}],"wp:attachment":[{"href":"https:\/\/pgd.brezje.si\/pgd\/wp-json\/wp\/v2\/media?parent=18"}],"curies":[{"name":"wp","href":"https:\/\/api.w.org\/{rel}","templated":true}]}}