{"id":17,"date":"2024-12-08T12:37:56","date_gmt":"2024-12-08T12:37:56","guid":{"rendered":"https:\/\/pgd.brezje.si\/pgd\/?page_id=17"},"modified":"2025-01-24T15:32:39","modified_gmt":"2025-01-24T15:32:39","slug":"hitre-povezave","status":"publish","type":"page","link":"https:\/\/pgd.brezje.si\/pgd\/hitre-povezave\/","title":{"rendered":"Hitre povezave"},"content":{"rendered":"\n<figure class=\"wp-block-image size-full is-resized\"><img decoding=\"async\" src=\"https:\/\/pgd.brezje.si\/pgd\/wp-content\/uploads\/2024\/12\/112-2.png\" alt=\"\" class=\"wp-image-121\" style=\"width:129px;height:auto\"\/><\/figure>\n\n\n\n<h2 class=\"wp-block-heading\"><strong>KLIC NA 112<\/strong><\/h2>\n\n\n\n<p><strong>KO KLI\u010cETE NA \u0160TEVILKO 112, POVEJTE<\/strong><\/p>\n\n\n\n<p>\u2022 <strong>KDO<\/strong> kli\u010de<\/p>\n\n\n\n<p>\u2022 <strong>KAJ<\/strong> se je zgodilo<\/p>\n\n\n\n<p>\u2022 <strong>KJE<\/strong> se je zgodilo<\/p>\n\n\n\n<p>\u2022 <strong>KOLIKO<\/strong> je ponesre\u010dencev<\/p>\n\n\n\n<p>\u2022 kak\u0161ne so <strong>PO\u0160KODBE<\/strong><\/p>\n\n\n\n<p>\u2022 kak\u0161ne so <strong>OKOLI\u0160\u010cINE<\/strong> na kraju nesre\u010de (po\u017ear, nevarne snovi, po\u0161kodovan plinovod, &#8230;)<\/p>\n\n\n\n<p>\u2022 kak\u0161no <strong>POMO\u010c<\/strong> potrebujete.<\/p>\n\n\n\n<p><strong>Nesre\u010de so lahko zelo razli\u010dne, za vse pa velja naslednje<\/strong><\/p>\n\n\n\n<p>\u2022 sku\u0161ajmo ohraniti mirno kri, saj lahko samo tako pomagamo sebi in drugim<\/p>\n\n\n\n<p>\u2022 \u010de je le mogo\u010de, sku\u0161ajmo najprej pomagati sebi in nato drugim<\/p>\n\n\n\n<p>\u2022 najprej poi\u0161\u010dimo pomo\u010d pri najbli\u017ejih, sosedih, prijateljih ali pri ljudeh, ki so na kraju nesre\u010de<\/p>\n\n\n\n<p>\u2022 \u010de presodimo, da situacije ne bomo mogli obvladati sami, takoj pokli\u010dimo center za obve\u0161\u010danje \u2013 <strong>112<\/strong><\/p>\n\n\n\n<p><strong>\u0160tevilko 112 pokli\u010dite<\/strong><\/p>\n\n\n\n<p>\u2022 \u010de potrebujete nujno medicinsko pomo\u010d, pomo\u010d gasilcev, nujno veterinarsko pomo\u010d, pomo\u010d gorskih ali jamarskih re\u0161evalcev, drugih re\u0161evalnih enot ali policije<\/p>\n\n\n\n<p>\u2022 \u010de opazite, da gori, izteka nevarna snov, da je onesna\u017eena pitna voda, potok, reka ali morje, da grozi zemeljski ali sne\u017eni plaz, da so pretrgane elektri\u010dne ali telefonske<\/p>\n\n\n\n<p>\u2022 \u017eice ali \u010de opazite druge pojave, ki predstavljajo nevarnost za \u017eivljenje ali zdravje ljudi in \u017eivali ali za varnost premo\u017eenja, kulturne dedi\u0161\u010dine in okolja<\/p>\n\n\n\n<p>\u2022 \u010de ob nesre\u010di ali pove\u010dani nevarnosti naravne ali druge nesre\u010de, pa tudi sicer, potrebujete informacije o motnjah pri preskrbi s pitno vodo,<\/p>\n\n\n\n<p>\u2022 elektri\u010dno energijo in plinom, o motnjah v telefonskem omre\u017eju ter o stanju sne\u017ene odeje v visokogorju.<\/p>\n\n\n\n<div class=\"wp-block-cover alignwide is-light\"><span aria-hidden=\"true\" class=\"wp-block-cover__background has-background-dim\" style=\"background-color:#948d91\"><\/span><img loading=\"lazy\" decoding=\"async\" width=\"2560\" height=\"1707\" class=\"wp-block-cover__image-background wp-image-376\" alt=\"\" src=\"https:\/\/pgd.brezje.si\/pgd\/wp-content\/uploads\/2025\/01\/vozni_park_1-scaled.jpg\" data-object-fit=\"cover\" srcset=\"https:\/\/pgd.brezje.si\/pgd\/wp-content\/uploads\/2025\/01\/vozni_park_1-scaled.jpg 2560w, https:\/\/pgd.brezje.si\/pgd\/wp-content\/uploads\/2025\/01\/vozni_park_1-300x200.jpg 300w, https:\/\/pgd.brezje.si\/pgd\/wp-content\/uploads\/2025\/01\/vozni_park_1-1024x683.jpg 1024w, https:\/\/pgd.brezje.si\/pgd\/wp-content\/uploads\/2025\/01\/vozni_park_1-768x512.jpg 768w, https:\/\/pgd.brezje.si\/pgd\/wp-content\/uploads\/2025\/01\/vozni_park_1-1536x1024.jpg 1536w, https:\/\/pgd.brezje.si\/pgd\/wp-content\/uploads\/2025\/01\/vozni_park_1-2048x1365.jpg 2048w\" sizes=\"auto, (max-width: 2560px) 100vw, 2560px\" \/><div class=\"wp-block-cover__inner-container is-layout-flow wp-block-cover-is-layout-flow\">\n<h1 class=\"wp-block-heading has-text-align-center has-large-font-size\"><strong>Lokacije defibrilatorjev v KS Brezje<\/strong><\/h1>\n<\/div><\/div>\n\n\n\n<figure class=\"wp-block-image aligncenter size-large is-resized\"><img loading=\"lazy\" decoding=\"async\" width=\"1117\" height=\"1489\" src=\"https:\/\/pgd.brezje.si\/pgd\/wp-content\/uploads\/2024\/12\/aed_brezje-edited.png\" alt=\"\" class=\"wp-image-154\" style=\"width:156px;height:auto\" srcset=\"https:\/\/pgd.brezje.si\/pgd\/wp-content\/uploads\/2024\/12\/aed_brezje-edited.png 1117w, https:\/\/pgd.brezje.si\/pgd\/wp-content\/uploads\/2024\/12\/aed_brezje-edited-225x300.png 225w, https:\/\/pgd.brezje.si\/pgd\/wp-content\/uploads\/2024\/12\/aed_brezje-edited-768x1024.png 768w\" sizes=\"auto, (max-width: 1117px) 100vw, 1117px\" \/><\/figure>\n\n\n\n<figure class=\"wp-block-gallery has-nested-images columns-default is-cropped wp-block-gallery-1 is-layout-flex wp-block-gallery-is-layout-flex\">\n<figure class=\"wp-block-image size-large\"><a href=\"https:\/\/maps.app.goo.gl\/RzzdEM48J3AZeJkA7\"><img loading=\"lazy\" decoding=\"async\" width=\"408\" height=\"240\" data-id=\"114\" src=\"https:\/\/pgd.brezje.si\/pgd\/wp-content\/uploads\/2024\/12\/aed_lokacija-1.jpeg\" alt=\"\" class=\"wp-image-114\" srcset=\"https:\/\/pgd.brezje.si\/pgd\/wp-content\/uploads\/2024\/12\/aed_lokacija-1.jpeg 408w, https:\/\/pgd.brezje.si\/pgd\/wp-content\/uploads\/2024\/12\/aed_lokacija-1-300x176.jpeg 300w\" sizes=\"auto, (max-width: 408px) 100vw, 408px\" \/><\/a><\/figure>\n\n\n\n<figure class=\"wp-block-image size-large\"><a href=\"https:\/\/maps.app.goo.gl\/RzzdEM48J3AZeJkA7\"><img loading=\"lazy\" decoding=\"async\" width=\"1024\" height=\"514\" data-id=\"115\" src=\"https:\/\/pgd.brezje.si\/pgd\/wp-content\/uploads\/2024\/12\/zemljevid_aed_pgdbrezje-1024x514.png\" alt=\"\" class=\"wp-image-115\" srcset=\"https:\/\/pgd.brezje.si\/pgd\/wp-content\/uploads\/2024\/12\/zemljevid_aed_pgdbrezje-1024x514.png 1024w, https:\/\/pgd.brezje.si\/pgd\/wp-content\/uploads\/2024\/12\/zemljevid_aed_pgdbrezje-300x151.png 300w, https:\/\/pgd.brezje.si\/pgd\/wp-content\/uploads\/2024\/12\/zemljevid_aed_pgdbrezje-768x385.png 768w, https:\/\/pgd.brezje.si\/pgd\/wp-content\/uploads\/2024\/12\/zemljevid_aed_pgdbrezje-1536x771.png 1536w, https:\/\/pgd.brezje.si\/pgd\/wp-content\/uploads\/2024\/12\/zemljevid_aed_pgdbrezje-2048x1028.png 2048w\" sizes=\"auto, (max-width: 1024px) 100vw, 1024px\" \/><\/a><\/figure>\n<\/figure>\n","protected":false},"excerpt":{"rendered":"<p>KLIC NA 112 KO KLI\u010cETE NA \u0160TEVILKO 112, POVEJTE \u2022 KDO kli\u010de \u2022 KAJ se je zgodilo \u2022 KJE se je zgodilo \u2022 KOLIKO je ponesre\u010dencev \u2022 kak\u0161ne so PO\u0160KODBE \u2022 kak\u0161ne so OKOLI\u0160\u010cINE na kraju nesre\u010de (po\u017ear, nevarne snovi, po\u0161kodovan plinovod, &#8230;) \u2022 kak\u0161no POMO\u010c potrebujete. Nesre\u010de so lahko zelo razli\u010dne, za vse pa [&hellip;]<\/p>\n","protected":false},"author":2,"featured_media":0,"parent":0,"menu_order":0,"comment_status":"closed","ping_status":"closed","template":"","meta":{"footnotes":""},"class_list":["post-17","page","type-page","status-publish","hentry"],"yoast_head":"<!-- This site is optimized with the Yoast SEO plugin v24.3 - https:\/\/yoast.com\/wordpress\/plugins\/seo\/ -->\n<title>Hitre povezave - PGD Brezje na Gorenjskem<\/title>\n<meta name=\"robots\" content=\"index, follow, max-snippet:-1, max-image-preview:large, max-video-preview:-1\" \/>\n<link rel=\"canonical\" href=\"https:\/\/pgd.brezje.si\/pgd\/hitre-povezave\/\" \/>\n<meta property=\"og:locale\" content=\"sl_SI\" \/>\n<meta property=\"og:type\" content=\"article\" \/>\n<meta property=\"og:title\" content=\"Hitre povezave - PGD Brezje na Gorenjskem\" \/>\n<meta property=\"og:description\" content=\"KLIC NA 112 KO KLI\u010cETE NA \u0160TEVILKO 112, POVEJTE \u2022 KDO kli\u010de \u2022 KAJ se je zgodilo \u2022 KJE se je zgodilo \u2022 KOLIKO je ponesre\u010dencev \u2022 kak\u0161ne so PO\u0160KODBE \u2022 kak\u0161ne so OKOLI\u0160\u010cINE na kraju nesre\u010de (po\u017ear, nevarne snovi, po\u0161kodovan plinovod, &#8230;) \u2022 kak\u0161no POMO\u010c potrebujete. Nesre\u010de so lahko zelo razli\u010dne, za vse pa [&hellip;]\" \/>\n<meta property=\"og:url\" content=\"https:\/\/pgd.brezje.si\/pgd\/hitre-povezave\/\" \/>\n<meta property=\"og:site_name\" content=\"PGD Brezje na Gorenjskem\" \/>\n<meta property=\"article:publisher\" content=\"https:\/\/www.facebook.com\/pgdbrezjemladina\" \/>\n<meta property=\"article:modified_time\" content=\"2025-01-24T15:32:39+00:00\" \/>\n<meta name=\"twitter:card\" content=\"summary_large_image\" \/>\n<meta name=\"twitter:label1\" content=\"Est. reading time\" \/>\n\t<meta name=\"twitter:data1\" content=\"3 minute\" \/>\n<script type=\"application\/ld+json\" class=\"yoast-schema-graph\">{\"@context\":\"https:\/\/schema.org\",\"@graph\":[{\"@type\":\"WebPage\",\"@id\":\"https:\/\/pgd.brezje.si\/pgd\/hitre-povezave\/\",\"url\":\"https:\/\/pgd.brezje.si\/pgd\/hitre-povezave\/\",\"name\":\"Hitre povezave - PGD Brezje na Gorenjskem\",\"isPartOf\":{\"@id\":\"https:\/\/pgd.brezje.si\/pgd\/#website\"},\"primaryImageOfPage\":{\"@id\":\"https:\/\/pgd.brezje.si\/pgd\/hitre-povezave\/#primaryimage\"},\"image\":{\"@id\":\"https:\/\/pgd.brezje.si\/pgd\/hitre-povezave\/#primaryimage\"},\"thumbnailUrl\":\"https:\/\/pgd.brezje.si\/pgd\/wp-content\/uploads\/2024\/12\/112-2.png\",\"datePublished\":\"2024-12-08T12:37:56+00:00\",\"dateModified\":\"2025-01-24T15:32:39+00:00\",\"breadcrumb\":{\"@id\":\"https:\/\/pgd.brezje.si\/pgd\/hitre-povezave\/#breadcrumb\"},\"inLanguage\":\"sl-SI\",\"potentialAction\":[{\"@type\":\"ReadAction\",\"target\":[\"https:\/\/pgd.brezje.si\/pgd\/hitre-povezave\/\"]}]},{\"@type\":\"ImageObject\",\"inLanguage\":\"sl-SI\",\"@id\":\"https:\/\/pgd.brezje.si\/pgd\/hitre-povezave\/#primaryimage\",\"url\":\"\",\"contentUrl\":\"\"},{\"@type\":\"BreadcrumbList\",\"@id\":\"https:\/\/pgd.brezje.si\/pgd\/hitre-povezave\/#breadcrumb\",\"itemListElement\":[{\"@type\":\"ListItem\",\"position\":1,\"name\":\"Home\",\"item\":\"https:\/\/pgd.brezje.si\/pgd\/\"},{\"@type\":\"ListItem\",\"position\":2,\"name\":\"Hitre povezave\"}]},{\"@type\":\"WebSite\",\"@id\":\"https:\/\/pgd.brezje.si\/pgd\/#website\",\"url\":\"https:\/\/pgd.brezje.si\/pgd\/\",\"name\":\"PGD Brezje na Gorenjskem\",\"description\":\"Obmo\u010dje delovanja KS Brezje: Brezje, \u010crnivec, No\u0161e, Dobro Polje, Malo Dobro Polje - skupno 919 prebivalcev\",\"publisher\":{\"@id\":\"https:\/\/pgd.brezje.si\/pgd\/#organization\"},\"potentialAction\":[{\"@type\":\"SearchAction\",\"target\":{\"@type\":\"EntryPoint\",\"urlTemplate\":\"https:\/\/pgd.brezje.si\/pgd\/?s={search_term_string}\"},\"query-input\":{\"@type\":\"PropertyValueSpecification\",\"valueRequired\":true,\"valueName\":\"search_term_string\"}}],\"inLanguage\":\"sl-SI\"},{\"@type\":\"Organization\",\"@id\":\"https:\/\/pgd.brezje.si\/pgd\/#organization\",\"name\":\"PGD Brezje na Gorenjskem\",\"url\":\"https:\/\/pgd.brezje.si\/pgd\/\",\"logo\":{\"@type\":\"ImageObject\",\"inLanguage\":\"sl-SI\",\"@id\":\"https:\/\/pgd.brezje.si\/pgd\/#\/schema\/logo\/image\/\",\"url\":\"https:\/\/pgd.brezje.si\/pgd\/wp-content\/uploads\/2024\/12\/PGD_Brezje_logo_col.png\",\"contentUrl\":\"https:\/\/pgd.brezje.si\/pgd\/wp-content\/uploads\/2024\/12\/PGD_Brezje_logo_col.png\",\"width\":2208,\"height\":2208,\"caption\":\"PGD Brezje na Gorenjskem\"},\"image\":{\"@id\":\"https:\/\/pgd.brezje.si\/pgd\/#\/schema\/logo\/image\/\"},\"sameAs\":[\"https:\/\/www.facebook.com\/pgdbrezjemladina\",\"https:\/\/www.instagram.com\/pgdbrezje\/\"]}]}<\/script>\n<!-- \/ Yoast SEO plugin. -->","yoast_head_json":{"title":"Hitre povezave - PGD Brezje na Gorenjskem","robots":{"index":"index","follow":"follow","max-snippet":"max-snippet:-1","max-image-preview":"max-image-preview:large","max-video-preview":"max-video-preview:-1"},"canonical":"https:\/\/pgd.brezje.si\/pgd\/hitre-povezave\/","og_locale":"sl_SI","og_type":"article","og_title":"Hitre povezave - PGD Brezje na Gorenjskem","og_description":"KLIC NA 112 KO KLI\u010cETE NA \u0160TEVILKO 112, POVEJTE \u2022 KDO kli\u010de \u2022 KAJ se je zgodilo \u2022 KJE se je zgodilo \u2022 KOLIKO je ponesre\u010dencev \u2022 kak\u0161ne so PO\u0160KODBE \u2022 kak\u0161ne so OKOLI\u0160\u010cINE na kraju nesre\u010de (po\u017ear, nevarne snovi, po\u0161kodovan plinovod, &#8230;) \u2022 kak\u0161no POMO\u010c potrebujete. Nesre\u010de so lahko zelo razli\u010dne, za vse pa [&hellip;]","og_url":"https:\/\/pgd.brezje.si\/pgd\/hitre-povezave\/","og_site_name":"PGD Brezje na Gorenjskem","article_publisher":"https:\/\/www.facebook.com\/pgdbrezjemladina","article_modified_time":"2025-01-24T15:32:39+00:00","twitter_card":"summary_large_image","twitter_misc":{"Est. reading time":"3 minute"},"schema":{"@context":"https:\/\/schema.org","@graph":[{"@type":"WebPage","@id":"https:\/\/pgd.brezje.si\/pgd\/hitre-povezave\/","url":"https:\/\/pgd.brezje.si\/pgd\/hitre-povezave\/","name":"Hitre povezave - PGD Brezje na Gorenjskem","isPartOf":{"@id":"https:\/\/pgd.brezje.si\/pgd\/#website"},"primaryImageOfPage":{"@id":"https:\/\/pgd.brezje.si\/pgd\/hitre-povezave\/#primaryimage"},"image":{"@id":"https:\/\/pgd.brezje.si\/pgd\/hitre-povezave\/#primaryimage"},"thumbnailUrl":"https:\/\/pgd.brezje.si\/pgd\/wp-content\/uploads\/2024\/12\/112-2.png","datePublished":"2024-12-08T12:37:56+00:00","dateModified":"2025-01-24T15:32:39+00:00","breadcrumb":{"@id":"https:\/\/pgd.brezje.si\/pgd\/hitre-povezave\/#breadcrumb"},"inLanguage":"sl-SI","potentialAction":[{"@type":"ReadAction","target":["https:\/\/pgd.brezje.si\/pgd\/hitre-povezave\/"]}]},{"@type":"ImageObject","inLanguage":"sl-SI","@id":"https:\/\/pgd.brezje.si\/pgd\/hitre-povezave\/#primaryimage","url":"","contentUrl":""},{"@type":"BreadcrumbList","@id":"https:\/\/pgd.brezje.si\/pgd\/hitre-povezave\/#breadcrumb","itemListElement":[{"@type":"ListItem","position":1,"name":"Home","item":"https:\/\/pgd.brezje.si\/pgd\/"},{"@type":"ListItem","position":2,"name":"Hitre povezave"}]},{"@type":"WebSite","@id":"https:\/\/pgd.brezje.si\/pgd\/#website","url":"https:\/\/pgd.brezje.si\/pgd\/","name":"PGD Brezje na Gorenjskem","description":"Obmo\u010dje delovanja KS Brezje: Brezje, \u010crnivec, No\u0161e, Dobro Polje, Malo Dobro Polje - skupno 919 prebivalcev","publisher":{"@id":"https:\/\/pgd.brezje.si\/pgd\/#organization"},"potentialAction":[{"@type":"SearchAction","target":{"@type":"EntryPoint","urlTemplate":"https:\/\/pgd.brezje.si\/pgd\/?s={search_term_string}"},"query-input":{"@type":"PropertyValueSpecification","valueRequired":true,"valueName":"search_term_string"}}],"inLanguage":"sl-SI"},{"@type":"Organization","@id":"https:\/\/pgd.brezje.si\/pgd\/#organization","name":"PGD Brezje na Gorenjskem","url":"https:\/\/pgd.brezje.si\/pgd\/","logo":{"@type":"ImageObject","inLanguage":"sl-SI","@id":"https:\/\/pgd.brezje.si\/pgd\/#\/schema\/logo\/image\/","url":"https:\/\/pgd.brezje.si\/pgd\/wp-content\/uploads\/2024\/12\/PGD_Brezje_logo_col.png","contentUrl":"https:\/\/pgd.brezje.si\/pgd\/wp-content\/uploads\/2024\/12\/PGD_Brezje_logo_col.png","width":2208,"height":2208,"caption":"PGD Brezje na Gorenjskem"},"image":{"@id":"https:\/\/pgd.brezje.si\/pgd\/#\/schema\/logo\/image\/"},"sameAs":["https:\/\/www.facebook.com\/pgdbrezjemladina","https:\/\/www.instagram.com\/pgdbrezje\/"]}]}},"_links":{"self":[{"href":"https:\/\/pgd.brezje.si\/pgd\/wp-json\/wp\/v2\/pages\/17","targetHints":{"allow":["GET"]}}],"collection":[{"href":"https:\/\/pgd.brezje.si\/pgd\/wp-json\/wp\/v2\/pages"}],"about":[{"href":"https:\/\/pgd.brezje.si\/pgd\/wp-json\/wp\/v2\/types\/page"}],"author":[{"embeddable":true,"href":"https:\/\/pgd.brezje.si\/pgd\/wp-json\/wp\/v2\/users\/2"}],"replies":[{"embeddable":true,"href":"https:\/\/pgd.brezje.si\/pgd\/wp-json\/wp\/v2\/comments?post=17"}],"version-history":[{"count":9,"href":"https:\/\/pgd.brezje.si\/pgd\/wp-json\/wp\/v2\/pages\/17\/revisions"}],"predecessor-version":[{"id":377,"href":"https:\/\/pgd.brezje.si\/pgd\/wp-json\/wp\/v2\/pages\/17\/revisions\/377"}],"wp:attachment":[{"href":"https:\/\/pgd.brezje.si\/pgd\/wp-json\/wp\/v2\/media?parent=17"}],"curies":[{"name":"wp","href":"https:\/\/api.w.org\/{rel}","templated":true}]}}